{"id":50,"date":"2021-04-08T14:51:04","date_gmt":"2021-04-08T17:51:04","guid":{"rendered":"https:\/\/wp.ufpel.edu.br\/3ciecit\/?page_id=50"},"modified":"2021-05-09T20:40:52","modified_gmt":"2021-05-09T23:40:52","slug":"submissoes","status":"publish","type":"page","link":"https:\/\/wp.ufpel.edu.br\/3ciecit\/pt\/submissoes\/","title":{"rendered":"Submiss\u00f5es"},"content":{"rendered":"<p style=\"text-align: justify\"><img loading=\"lazy\" decoding=\"async\" class=\"size-full wp-image-186 aligncenter\" src=\"https:\/\/wp.ufpel.edu.br\/3ciecit\/files\/2021\/04\/student-849822_1280.jpg\" alt=\"\" width=\"1280\" height=\"853\" srcset=\"https:\/\/wp.ufpel.edu.br\/3ciecit\/files\/2021\/04\/student-849822_1280.jpg 1280w, https:\/\/wp.ufpel.edu.br\/3ciecit\/files\/2021\/04\/student-849822_1280-400x267.jpg 400w, https:\/\/wp.ufpel.edu.br\/3ciecit\/files\/2021\/04\/student-849822_1280-1024x682.jpg 1024w, https:\/\/wp.ufpel.edu.br\/3ciecit\/files\/2021\/04\/student-849822_1280-768x512.jpg 768w\" sizes=\"auto, (max-width: 706px) 89vw, (max-width: 767px) 82vw, 740px\" \/><\/p>\n<p style=\"text-align: justify\"><strong>Prazo para submiss\u00e3o de trabalhos: 15 de Maio \u00e0 1 de Outubro de 2021.<\/strong><\/p>\n<p style=\"text-align: justify\">Os trabalhos poder\u00e3o ser submetidos e apresentados em <strong>portugu\u00eas, ingl\u00eas ou espanhol nas seguintes categorias abaixo<\/strong> e sempre conectados a uma linha tem\u00e1tica do Congresso. Cada inscrito poder\u00e1 apresentar <strong>um trabalho como primeiro autor<\/strong> em\u00a0 cada categoria.<\/p>\n<p style=\"text-align: justify\"><strong>1. Para submiss\u00e3o de trabalho para apresenta\u00e7\u00e3o oral<\/strong>, um resumo expandido de 1500 a 2000 palavras (sem contar as refer\u00eancias bibliogr\u00e1ficas) deve ser submetido atrav\u00e9s do <a href=\"https:\/\/docs.google.com\/forms\/d\/e\/1FAIpQLScyKfLfzgXrJVV45osGfxvY9e-mgaLBIxycM0LMoVENflunIQ\/viewform?usp=sf_link\"><strong>Formul\u00e1rio de Submiss\u00e3o<\/strong><\/a>. O trabalho dever\u00e1 estar ligado a uma das Linhas Tem\u00e1ticas do Simp\u00f3sio. O trabalho deve ser submetido tendo como modelo o <a href=\"https:\/\/drive.google.com\/file\/d\/1GUYryLCuOJ1OqGEsEcJOO2bSsqaYagQX\/view?usp=sharing\"><strong>TEMPLATE 1<\/strong><\/a> e ser anexado ao formul\u00e1rio de submiss\u00e3o como arquivo PDF.<\/p>\n<p style=\"text-align: justify\">Ap\u00f3s o evento, os participantes ser\u00e3o convidados a submeter o artigo completo do seu trabalho para a edi\u00e7\u00e3o especial do peri\u00f3dico acad\u00eamico PIXO: <a href=\"https:\/\/periodicos.ufpel.edu.br\/ojs2\/index.php\/pixo\">https:\/\/periodicos.ufpel.edu.br\/ojs2\/index.php\/pixo<\/a><\/p>\n<p style=\"text-align: justify\"><strong>2. Para submiss\u00e3o de trabalho para participa\u00e7\u00e3o com p\u00f4ster<\/strong>, um resumo de 500 palavras (sem contar as refer\u00eancias bibliogr\u00e1ficas) e o p\u00f4ster (com a formata\u00e7\u00e3o descrita abaixo) devem ser submetido atrav\u00e9s do <a href=\"https:\/\/docs.google.com\/forms\/d\/e\/1FAIpQLSeLgEAZzpNyycmTNHwDDCFdn0ybUB5pFJ9MJ96dyrNU1bPAqA\/viewform?usp=sf_link\"><strong>Formul\u00e1rio de Submiss\u00e3o<\/strong><\/a>. O trabalho dever\u00e1 estar ligado a uma das Linhas Tem\u00e1ticas do Simp\u00f3sio. O resumo deve ser submetido tendo como modelo o <strong><a href=\"https:\/\/drive.google.com\/file\/d\/1gjhB999BkhFSGOYqYSMWsL6qj3_Y4h47\/view?usp=sharing\">TEMPLATE 2<\/a>\u00a0<\/strong> e ser anexado ao formul\u00e1rio de submiss\u00e3o como arquivo PDF.<\/p>\n<p style=\"text-align: justify\">O p\u00f4ster deve ser tamanho A1, e conter o logo do evento, \u00a0t\u00edtulo id\u00eantico ao do resumo submetido, nomes e endere\u00e7o (departamento\/e-mail) dos autores, \u00a0introdu\u00e7\u00e3o, objetivos, material e m\u00e9todos, resultados e discuss\u00e3o, conclus\u00f5es e refer\u00eancias bibliogr\u00e1ficas. Deve ser informado a institui\u00e7\u00e3o de fomento, se houver, ter clareza, utilizar o m\u00ednimo de texto e o m\u00e1ximo de figuras, fotos, tabelas e recursos gr\u00e1ficos poss\u00edveis, organizar as informa\u00e7\u00f5es de modo a que as ideias centrais do trabalho sejam facilmente compreendidas. O p\u00f4ster deve ser anexado ao formul\u00e1rio de submiss\u00e3o como arquivo PDF.<\/p>\n<p style=\"text-align: justify\"><strong>3. Para submiss\u00e3o de trabalho para participa\u00e7\u00e3o com curta-metragem, <\/strong>tal produ\u00e7\u00e3o audiovisual dever\u00e1 atender aos seguintes crit\u00e9rios t\u00e9cnicos e de conte\u00fado: (i) dura\u00e7\u00e3o de at\u00e9 10 minutos; (ii) resolu\u00e7\u00e3o m\u00ednima de 480p; (iii) caso algum conte\u00fado seja reproduzido de outras fontes, identificar autoria e anexar termo de cess\u00e3o de uso do material copiado, quando for o caso; e (iv) v\u00eddeos que, no uso de trilhas e imagens de outros autores, deem prefer\u00eancia a materiais sob licen\u00e7a <em>Creative Commons<\/em> e outras que n\u00e3o infrinjam o direito autoral. Os v\u00eddeos dever\u00e3o ser enviados \u2013 por meio do Google Drive ou outro site de armazenamento de conte\u00fado \u2013 e o link disponibilizado no <a href=\"https:\/\/docs.google.com\/forms\/d\/e\/1FAIpQLSd1EboAT1cjkbGtt_0wEkwi_qnYCu6LRdM0rZ9rklD3pbAWXQ\/viewform?usp=sf_link\"><strong>Formul\u00e1rio de Submiss\u00e3o<\/strong><\/a>.<\/p>\n<p style=\"text-align: justify\">Ao submeter sua produ\u00e7\u00e3o audiovisual, os autores est\u00e3o cientes que: (i) deve-se anexar c\u00f3pia digital das autoriza\u00e7\u00f5es de uso de imagem de todos os seus entrevistados e daqueles que participam dos v\u00eddeos; (ii) todos os autores devem assinar e anexar o termo de autoriza\u00e7\u00e3o de cess\u00e3o de direitos para a Universidade Federal de Pelotas, Brasil, para exibi\u00e7\u00e3o durante o evento e divulga\u00e7\u00e3o na plataforma online; (iii) n\u00e3o ser\u00e1 oferecida bonifica\u00e7\u00e3o aos participantes em fun\u00e7\u00e3o da apresenta\u00e7\u00e3o desses produtos audiovisuais ou sua cess\u00e3o para postagem; (iv) a comiss\u00e3o avaliadora poder\u00e1 aprovar a quantidade de v\u00eddeos que entender adequadas aos temas, podendo realocar a linha tem\u00e1tica para o qual um trabalho \u00e9 aprovado. Caso algum dos crit\u00e9rios ou processos de submiss\u00e3o n\u00e3o for respeitado, o v\u00eddeo ser\u00e1 desconsiderado da avalia\u00e7\u00e3o.<\/p>\n<p style=\"text-align: justify\"><strong>Os resumos ser\u00e3o publicados no Livro de Resumos do Congresso (somente os trabalhos apresentados ter\u00e3o seus resumos publicados).<\/strong><\/p>\n<p style=\"text-align: justify\">Qualquer d\u00favida ou esclarecimento, por gentileza nos envie uma mensagem para o e-mail: <strong>3ciecit@gmail.com<\/strong><\/p>\n","protected":false},"excerpt":{"rendered":"<p>Prazo para submiss\u00e3o de trabalhos: 15 de Maio \u00e0 1 de Outubro de 2021. Os trabalhos poder\u00e3o ser submetidos e apresentados em portugu\u00eas, ingl\u00eas ou espanhol nas seguintes categorias abaixo e sempre conectados a uma linha tem\u00e1tica do Congresso. Cada inscrito poder\u00e1 apresentar um trabalho como primeiro autor em\u00a0 cada categoria. 1. Para submiss\u00e3o de &hellip; <\/p>\n<p class=\"link-more\"><a href=\"https:\/\/wp.ufpel.edu.br\/3ciecit\/pt\/submissoes\/\" class=\"more-link\">Continue lendo<span class=\"screen-reader-text\"> &#8220;Submiss\u00f5es&#8221;<\/span><\/a><\/p>\n","protected":false},"author":956,"featured_media":0,"parent":0,"menu_order":0,"comment_status":"closed","ping_status":"closed","template":"","meta":{"footnotes":""},"class_list":["post-50","page","type-page","status-publish","hentry"],"_links":{"self":[{"href":"https:\/\/wp.ufpel.edu.br\/3ciecit\/wp-json\/wp\/v2\/pages\/50","targetHints":{"allow":["GET"]}}],"collection":[{"href":"https:\/\/wp.ufpel.edu.br\/3ciecit\/wp-json\/wp\/v2\/pages"}],"about":[{"href":"https:\/\/wp.ufpel.edu.br\/3ciecit\/wp-json\/wp\/v2\/types\/page"}],"author":[{"embeddable":true,"href":"https:\/\/wp.ufpel.edu.br\/3ciecit\/wp-json\/wp\/v2\/users\/956"}],"replies":[{"embeddable":true,"href":"https:\/\/wp.ufpel.edu.br\/3ciecit\/wp-json\/wp\/v2\/comments?post=50"}],"version-history":[{"count":20,"href":"https:\/\/wp.ufpel.edu.br\/3ciecit\/wp-json\/wp\/v2\/pages\/50\/revisions"}],"predecessor-version":[{"id":534,"href":"https:\/\/wp.ufpel.edu.br\/3ciecit\/wp-json\/wp\/v2\/pages\/50\/revisions\/534"}],"wp:attachment":[{"href":"https:\/\/wp.ufpel.edu.br\/3ciecit\/wp-json\/wp\/v2\/media?parent=50"}],"curies":[{"name":"wp","href":"https:\/\/api.w.org\/{rel}","templated":true}]}}