{"id":340,"date":"2021-04-22T13:53:38","date_gmt":"2021-04-22T16:53:38","guid":{"rendered":"https:\/\/wp.ufpel.edu.br\/3ciecit\/?page_id=340"},"modified":"2021-11-01T15:47:26","modified_gmt":"2021-11-01T18:47:26","slug":"palestrantes","status":"publish","type":"page","link":"https:\/\/wp.ufpel.edu.br\/3ciecit\/pt\/palestrantes\/","title":{"rendered":"Palestrantes"},"content":{"rendered":"<p style=\"text-align: justify\"><strong><img loading=\"lazy\" decoding=\"async\" class=\" wp-image-656 alignleft\" src=\"https:\/\/wp.ufpel.edu.br\/3ciecit\/files\/2021\/11\/maria.jpeg\" alt=\"\" width=\"218\" height=\"218\" srcset=\"https:\/\/wp.ufpel.edu.br\/3ciecit\/files\/2021\/11\/maria.jpeg 329w, https:\/\/wp.ufpel.edu.br\/3ciecit\/files\/2021\/11\/maria-200x200.jpeg 200w, https:\/\/wp.ufpel.edu.br\/3ciecit\/files\/2021\/11\/maria-100x100.jpeg 100w\" sizes=\"auto, (max-width: 218px) 100vw, 218px\" \/><span style=\"color: #808080\">Professora Dra. Maria Assun\u00e7\u00e3o Gato. Instituto Universit\u00e1rio de Lisboa \u2013 Portugal.<\/span><\/strong><\/p>\n<p style=\"text-align: justify\"><span style=\"color: #808080\">Maria Assun\u00e7\u00e3o Gato \u00e9 investigadora no ISCTE-Instituto Universit\u00e1rio de Lisboa, integrando o Centro de Estudos sobre a Mudan\u00e7a Socioecon\u00f3mica e o Territ\u00f3rio (DIN\u00c2MIA\u2019CET-Iscte). Os principais interesses de investiga\u00e7\u00e3o situam-se nos campos da Antropologia e Sociologia urbanas, onde tem explorado t\u00f3picos como os valores, significados e consumos espaciais, recomposi\u00e7\u00f5es sociais, estilos de vida, din\u00e2micas residenciais em territ\u00f3rios urbanos e turismo. Em paralelo tem desenvolvido uma segunda linha de investiga\u00e7\u00e3o centrada nas din\u00e2micas culturais, criativas e participativas, tendo em considera\u00e7\u00e3o as mudan\u00e7as socioecon\u00f3micas e impactos nos territ\u00f3rios e comunidades locais. Maria Assun\u00e7\u00e3o Gato tem doutoramento em Antropologia Cultural e Social e mestrado em Geografia \u2013 Gest\u00e3o do Territ\u00f3rio pela Faculdade de Ci\u00eancias Sociais e Humanas da Universidade Nova de Lisboa. Atualmente \u00e9 subdiretora do DIN\u00c2MIA\u2019CET-Iscte e diretora da revista Cidades, Comunidades e Territ\u00f3rios.<\/span><\/p>\n<p style=\"text-align: justify\"><span style=\"color: #808080\"><img loading=\"lazy\" decoding=\"async\" class=\" wp-image-660 alignleft\" src=\"https:\/\/wp.ufpel.edu.br\/3ciecit\/files\/2021\/11\/edgar.jpeg\" alt=\"\" width=\"218\" height=\"284\" srcset=\"https:\/\/wp.ufpel.edu.br\/3ciecit\/files\/2021\/11\/edgar.jpeg 398w, https:\/\/wp.ufpel.edu.br\/3ciecit\/files\/2021\/11\/edgar-307x400.jpeg 307w\" sizes=\"auto, (max-width: 218px) 100vw, 218px\" \/><strong>Prof. Edgar Eduardo Roa Castillo. Universidad La Gran Colombia \u2013 Colombia.<\/strong><\/span><\/p>\n<p style=\"text-align: justify\"><span style=\"color: #808080\">Arquiteto da Universidade La Gran Colombia, Especialista em Gest\u00e3o Ambiental Urbana, Mestre em Gest\u00e3o Urbana, Doutorando em Arquitetura e Urbanismo pela Universidad del Bio Bio Chile, Professor Pesquisador da Universidad La Gran Colombia, l\u00edder do viveiro de pesquisa &#8216;LUMI &#8211; Lugares do Medo&#8217;, pesquisador da Universidade Presbiteriana Mackenzie Brasil, pesquisador do LabCom | UFPel Universidade Federal de Pelotas, Brasil. J\u00e1 trabalhou em entidades p\u00fablicas e privadas em \u00e1reas como Projeto, Constru\u00e7\u00e3o, Diretor de Constru\u00e7\u00e3o, Gerente T\u00e9cnico, Consultor de Planejamento Urbano, Consultor em gest\u00e3o ambiental de projetos e gest\u00e3o de projetos, T\u00e9cnico em auditoria iso 9001, 18000 iso 14001. Tamb\u00e9m participou de projetos de an\u00e1lise e configura\u00e7\u00e3o de unidades de planejamento zonal (UPZ), estudos de planos de ordenamento do territ\u00f3rio e estudos ambientais.<\/span><\/p>\n<p style=\"text-align: justify\"><span style=\"color: #808080\"><img loading=\"lazy\" decoding=\"async\" class=\"size-full wp-image-657 alignleft\" src=\"https:\/\/wp.ufpel.edu.br\/3ciecit\/files\/2021\/11\/jose.jpg\" alt=\"\" width=\"198\" height=\"255\" \/><strong>Prof. Dr. Jos\u00e9 Cabral Filho. Universidade Federal de Minas Gerais, Brasil.<\/strong><\/span><\/p>\n<p style=\"text-align: justify\"><span style=\"color: #808080\">Possui gradua\u00e7\u00e3o em Arquitetura e Urbanismo pela Universidade Federal de Minas Gerais (1987), mestrado em Architectural Studies &#8211; University of Sheffield (1993), doutorado em Architectural Studies &#8211; University of Sheffield (1996), p\u00f3s-doutorado pela McGill University\/Montreal (2005) e p\u00f3s-doutorado pelo Royal College of Art\/Londres(2011). Atualmente \u00e9 Professor Titular da Escola de Arquitetura da Universidade Federal de Minas Gerais, onde coordena o Lagear &#8211; Laborat\u00f3rio Gr\u00e1fico para Experimenta\u00e7\u00e3o Arquitet\u00f4nica. \u00c9 membro da ASC (American Association of Cybernetics), faz parte do corpo editorial de Chora: Intervals in the Philosophy of Architecture (Canad\u00e1) e \u00e9 revisor do peri\u00f3dico Kybernetes (Inglaterra), entre outros. Tem atuado como consultor de institui\u00e7\u00f5es internacionais como a Microsoft Research Ltd (UK), SSHRC (Social Sciences and Humanities Research Council (Canada) e a NTNU &#8211; Norwegian University of Science and Technology (Noruega). Seu atual tema de pesquisa \u00e9 o &#8216;design computacional&#8217; (processos de projeto e fabrica\u00e7\u00e3o digitais, computa\u00e7\u00e3o material e computa\u00e7\u00e3o f\u00edsica, arquitetura interativa, etc), buscando aplicar a Cibern\u00e9tica de Segunda Ordem e os princ\u00edpios do fil\u00f3sofo Vil\u00e9m Flusser \u00e0 produ\u00e7\u00e3o de uma arquitetura adequada \u00e0 realidade social brasileira.<\/span><\/p>\n<p style=\"text-align: justify\"><span style=\"color: #808080\"><img loading=\"lazy\" decoding=\"async\" class=\" wp-image-658 alignleft\" src=\"https:\/\/wp.ufpel.edu.br\/3ciecit\/files\/2021\/11\/adri.jpg\" alt=\"\" width=\"205\" height=\"219\" srcset=\"https:\/\/wp.ufpel.edu.br\/3ciecit\/files\/2021\/11\/adri.jpg 456w, https:\/\/wp.ufpel.edu.br\/3ciecit\/files\/2021\/11\/adri-375x400.jpg 375w\" sizes=\"auto, (max-width: 205px) 100vw, 205px\" \/><strong>Prof. Dr. Romeu da Silva Vicente. Universidade de Aveiro \u2013 Portugal.<\/strong><\/span><\/p>\n<p style=\"text-align: justify\"><span style=\"color: #808080\">Romeu Vicente \u00e9 Professor Associado no Departamento de Engenharia Civil da Universidade de Aveiro. Completou em 2008 o Doutoramento na \u00e1rea das Estrat\u00e9gias e Metodologias de Reabilita\u00e7\u00e3o e Avalia\u00e7\u00e3o de Riscos Urbanos. \u00c9 vice-diretor do Programa Doutoral em Engenharia Civil e Coordenador cient\u00edfico da Unidade de Investiga\u00e7\u00e3o \u2013 RISCO. Leciona disciplinas da \u00e1rea de F\u00edsica e Tecnologia das Constru\u00e7\u00f5es, Patologia e Reabilita\u00e7\u00e3o do plano curricular de Engenharia Civil. Orientou e orienta alunos de doutoramento e de mestrado nas tem\u00e1ticas da Reabilita\u00e7\u00e3o do edificado existente, Avalia\u00e7\u00e3o de Riscos e Reabilita\u00e7\u00e3o e Efici\u00eancia Energ\u00e9tica. Tem coordenado e participado em diversos projetos de investiga\u00e7\u00e3o Nacionais na \u00e1rea da avalia\u00e7\u00e3o de riscos, reabilita\u00e7\u00e3o do edificado existente e tecnologia construtiva inovadora e efici\u00eancia energ\u00e9tica. Publicou um n\u00famero significativo de artigos em revistas e congressos internacionais e nacionais. Participa em diferentes comiss\u00f5es t\u00e9cnico-cient\u00edficas do CIB International Council for Research and Innovation in Building and Construction. \u00c9 membro da Comiss\u00e3o Nacional do Euroc\u00f3digo 6 e do Board of Studies do programa Doutoral &#8211; Analysis and Mitigation of Risks in Infrastructures InfraRisk. Membro Fundador e Diretivo da Associa\u00e7\u00e3o Passivhaus Zero Energy \u2013 Plataforma Portuguesa.<\/span><\/p>\n<p style=\"text-align: justify\"><span style=\"color: #808080\"><img loading=\"lazy\" decoding=\"async\" class=\" wp-image-659 alignleft\" src=\"https:\/\/wp.ufpel.edu.br\/3ciecit\/files\/2021\/11\/Cristobal_Bravo.jpg\" alt=\"\" width=\"214\" height=\"214\" srcset=\"https:\/\/wp.ufpel.edu.br\/3ciecit\/files\/2021\/11\/Cristobal_Bravo.jpg 512w, https:\/\/wp.ufpel.edu.br\/3ciecit\/files\/2021\/11\/Cristobal_Bravo-400x400.jpg 400w, https:\/\/wp.ufpel.edu.br\/3ciecit\/files\/2021\/11\/Cristobal_Bravo-200x200.jpg 200w, https:\/\/wp.ufpel.edu.br\/3ciecit\/files\/2021\/11\/Cristobal_Bravo-100x100.jpg 100w\" sizes=\"auto, (max-width: 214px) 100vw, 214px\" \/><strong>Prof. Dr. Crist\u00f3bal Bravo Ferretti. Universidade de B\u00edo-B\u00edo \u2013 Chile.<\/strong><\/span><\/p>\n<p style=\"text-align: justify\"><span style=\"color: #808080\">Acad\u00eamico do Departamento de Ci\u00eancias Sociais. Psic\u00f3logo, Graduado em Psicologia pela Diego Portales University; Mestre em Pesquisa e Desenvolvimento Social Universidad de Concepci\u00f3n; Doutor em Ci\u00eancias Humanas, men\u00e7\u00e3o Discurso e cultura Universidad Austral de Chile. Crist\u00f3bal Bravo atualmente trabalha no Departamento de Ci\u00eancias Sociais da Universidade de B\u00edo-B\u00edo. Crist\u00f3bal faz pesquisa em Psicologia Comunit\u00e1ria e Psicologia Social. Seu projeto atual \u00e9 &#8216;Proyecto de iniciaci\u00f3n en investigaci\u00f3n de la Universidad del B\u00edo-B\u00edo DIUBB 162324 3 \/ I Significados de los entornos portu\u00e1rios de la Regi\u00f3n del B\u00edo-B\u00edo. Una aproximaci\u00f3n from la Psicolog\u00eda Ambiental &#8216;. \u00c9 Professor Visitante da Universidade Federal de Pelotas, Brasil, na Faculdade de Arquitetura e Urbanismo.<\/span><\/p>\n","protected":false},"excerpt":{"rendered":"<p>Professora Dra. Maria Assun\u00e7\u00e3o Gato. Instituto Universit\u00e1rio de Lisboa \u2013 Portugal. Maria Assun\u00e7\u00e3o Gato \u00e9 investigadora no ISCTE-Instituto Universit\u00e1rio de Lisboa, integrando o Centro de Estudos sobre a Mudan\u00e7a Socioecon\u00f3mica e o Territ\u00f3rio (DIN\u00c2MIA\u2019CET-Iscte). Os principais interesses de investiga\u00e7\u00e3o situam-se nos campos da Antropologia e Sociologia urbanas, onde tem explorado t\u00f3picos como os valores, significados &hellip; <\/p>\n<p class=\"link-more\"><a href=\"https:\/\/wp.ufpel.edu.br\/3ciecit\/pt\/palestrantes\/\" class=\"more-link\">Continue lendo<span class=\"screen-reader-text\"> &#8220;Palestrantes&#8221;<\/span><\/a><\/p>\n","protected":false},"author":956,"featured_media":0,"parent":0,"menu_order":0,"comment_status":"closed","ping_status":"closed","template":"","meta":{"footnotes":""},"class_list":["post-340","page","type-page","status-publish","hentry"],"_links":{"self":[{"href":"https:\/\/wp.ufpel.edu.br\/3ciecit\/wp-json\/wp\/v2\/pages\/340","targetHints":{"allow":["GET"]}}],"collection":[{"href":"https:\/\/wp.ufpel.edu.br\/3ciecit\/wp-json\/wp\/v2\/pages"}],"about":[{"href":"https:\/\/wp.ufpel.edu.br\/3ciecit\/wp-json\/wp\/v2\/types\/page"}],"author":[{"embeddable":true,"href":"https:\/\/wp.ufpel.edu.br\/3ciecit\/wp-json\/wp\/v2\/users\/956"}],"replies":[{"embeddable":true,"href":"https:\/\/wp.ufpel.edu.br\/3ciecit\/wp-json\/wp\/v2\/comments?post=340"}],"version-history":[{"count":5,"href":"https:\/\/wp.ufpel.edu.br\/3ciecit\/wp-json\/wp\/v2\/pages\/340\/revisions"}],"predecessor-version":[{"id":679,"href":"https:\/\/wp.ufpel.edu.br\/3ciecit\/wp-json\/wp\/v2\/pages\/340\/revisions\/679"}],"wp:attachment":[{"href":"https:\/\/wp.ufpel.edu.br\/3ciecit\/wp-json\/wp\/v2\/media?parent=340"}],"curies":[{"name":"wp","href":"https:\/\/api.w.org\/{rel}","templated":true}]}}