{"id":29,"date":"2021-04-08T14:48:25","date_gmt":"2021-04-08T17:48:25","guid":{"rendered":"https:\/\/wp.ufpel.edu.br\/3ciecit\/?page_id=29"},"modified":"2021-05-17T18:37:27","modified_gmt":"2021-05-17T21:37:27","slug":"thematic-sessions","status":"publish","type":"page","link":"https:\/\/wp.ufpel.edu.br\/3ciecit\/thematic-sessions\/","title":{"rendered":"Thematic Sessions"},"content":{"rendered":"<p style=\"text-align: justify\">The Congress proposes discussions on <strong>Citizenship, Public Space and Territory, within five thematic sections described below.<\/strong> <span style=\"color: #808080\"><strong>Each thematic line will have an award-winning work, which will be awarded at the closing ceremony of the Congress.<\/strong><\/span><\/p>\n<p style=\"text-align: justify\"><strong>Digital Graphics and Citizenship<\/strong><\/p>\n<p><img loading=\"lazy\" decoding=\"async\" class=\"size-full wp-image-425 aligncenter\" src=\"https:\/\/wp.ufpel.edu.br\/3ciecit\/files\/2021\/05\/monitor-1307227_1280.jpg\" alt=\"\" width=\"1280\" height=\"903\" srcset=\"https:\/\/wp.ufpel.edu.br\/3ciecit\/files\/2021\/05\/monitor-1307227_1280.jpg 1280w, https:\/\/wp.ufpel.edu.br\/3ciecit\/files\/2021\/05\/monitor-1307227_1280-400x282.jpg 400w, https:\/\/wp.ufpel.edu.br\/3ciecit\/files\/2021\/05\/monitor-1307227_1280-1024x722.jpg 1024w, https:\/\/wp.ufpel.edu.br\/3ciecit\/files\/2021\/05\/monitor-1307227_1280-768x542.jpg 768w\" sizes=\"auto, (max-width: 706px) 89vw, (max-width: 767px) 82vw, 740px\" \/><\/p>\n<p style=\"text-align: justify\">This theme covers works that demonstrate that the inclusion of individuals in the digital world is related to their possibility of obtaining and exercising their citizenship. It promotes reflection on the connections between design methods and solutions that can be enhanced by digital representation and manufacturing technologies for the development of social technologies. It focuses on didactic reflections for the revision and updating of training processes in the area of \u200b\u200brepresentation to encompass the transdisciplinarity that involves the analysis of the form of\u00a0<span style=\"font-size: 1rem\">architecture and design <\/span><span style=\"font-size: 1rem\">objects for the understanding of performances of various types, such as, aesthetic, structural, communicational, using especially the concept of parametric.<\/span><\/p>\n<p style=\"text-align: justify\">Coordinators: Prof Dr Adriane Borda; Prof Dr Rafaela Bortolini.<\/p>\n<p style=\"text-align: justify\"><strong>Perception, Evaluation of the City and Tourism<\/strong><\/p>\n<p><img loading=\"lazy\" decoding=\"async\" class=\"size-full wp-image-427 aligncenter\" src=\"https:\/\/wp.ufpel.edu.br\/3ciecit\/files\/2021\/05\/adult-1867665_1280.jpg\" alt=\"\" width=\"1280\" height=\"758\" srcset=\"https:\/\/wp.ufpel.edu.br\/3ciecit\/files\/2021\/05\/adult-1867665_1280.jpg 1280w, https:\/\/wp.ufpel.edu.br\/3ciecit\/files\/2021\/05\/adult-1867665_1280-400x237.jpg 400w, https:\/\/wp.ufpel.edu.br\/3ciecit\/files\/2021\/05\/adult-1867665_1280-1024x606.jpg 1024w, https:\/\/wp.ufpel.edu.br\/3ciecit\/files\/2021\/05\/adult-1867665_1280-768x455.jpg 768w\" sizes=\"auto, (max-width: 706px) 89vw, (max-width: 767px) 82vw, 740px\" \/><\/p>\n<p style=\"text-align: justify\">This theme addresses works that investigate people&#8217;s perception and satisfaction with the built and natural environment and also their rights as a citizen in the use and appropriation of the city as a territory. It has a multidisciplinary character receiving contributions from other disciplines, such as urban planning and architecture, psychology, human geography, tourism, urban sociology and anthropology. Research on this topic involves studies of perception (how the individual perceives the environment), cognition (how the individual&#8217;s mind absorbs and structures the information received from the environment) and behaviour (how the individual understands, reacts and modifies the environment).<\/p>\n<p style=\"text-align: justify\">Coordinators: Prof Dr Adriana Portella; Prof Dr Gisele Pereira; Prof Dr Cristhian Moreira Brum; Prof Dr Nirce Saffer Medvedoski.<\/p>\n<p style=\"text-align: justify\"><strong>Contemporary Urbanism and Territories<\/strong><\/p>\n<p><img loading=\"lazy\" decoding=\"async\" class=\"size-full wp-image-428 aligncenter\" src=\"https:\/\/wp.ufpel.edu.br\/3ciecit\/files\/2021\/05\/japan-2014618_1280.jpg\" alt=\"\" width=\"1280\" height=\"851\" srcset=\"https:\/\/wp.ufpel.edu.br\/3ciecit\/files\/2021\/05\/japan-2014618_1280.jpg 1280w, https:\/\/wp.ufpel.edu.br\/3ciecit\/files\/2021\/05\/japan-2014618_1280-400x266.jpg 400w, https:\/\/wp.ufpel.edu.br\/3ciecit\/files\/2021\/05\/japan-2014618_1280-1024x681.jpg 1024w, https:\/\/wp.ufpel.edu.br\/3ciecit\/files\/2021\/05\/japan-2014618_1280-768x511.jpg 768w\" sizes=\"auto, (max-width: 706px) 89vw, (max-width: 767px) 82vw, 740px\" \/><\/p>\n<p style=\"text-align: justify\">This theme encompasses studies in different contemporary aspects related to the urban scale. Discusses morphological, aesthetic, social, environmental and climatic aspects of cities. It addresses analyzes supported by computational technology (planning, morphology and urban modeling and investigations in urban climate) and multidisciplinary theoretical discussions (city and contemporaneity and design, production and appropriation of inhabited space). It works at different scales: from the macro-scale, passing through urban microclimates and reaching the implications for the built environment.<\/p>\n<p style=\"text-align: justify\">Coordinators: Prof Dr Maur\u00edcio Polidori; Prof Dr Eduardo Rocha; Prof Dr Andr\u00e9 Carrasco; Prof Dr Lisandra Krebs.<\/p>\n<p style=\"text-align: justify\"><strong>Theory, History and Criticism of Architecture and Urbanism: Heritage and Public Spaces<\/strong><\/p>\n<p><img loading=\"lazy\" decoding=\"async\" class=\"size-full wp-image-429 aligncenter\" src=\"https:\/\/wp.ufpel.edu.br\/3ciecit\/files\/2021\/05\/corona-5844342_1280.jpg\" alt=\"\" width=\"1280\" height=\"853\" srcset=\"https:\/\/wp.ufpel.edu.br\/3ciecit\/files\/2021\/05\/corona-5844342_1280.jpg 1280w, https:\/\/wp.ufpel.edu.br\/3ciecit\/files\/2021\/05\/corona-5844342_1280-400x267.jpg 400w, https:\/\/wp.ufpel.edu.br\/3ciecit\/files\/2021\/05\/corona-5844342_1280-1024x682.jpg 1024w, https:\/\/wp.ufpel.edu.br\/3ciecit\/files\/2021\/05\/corona-5844342_1280-768x512.jpg 768w\" sizes=\"auto, (max-width: 706px) 89vw, (max-width: 767px) 82vw, 740px\" \/><\/p>\n<p style=\"text-align: justify\">This theme encompasses studies that seek to reflect on theoretical, historical and critical issues related to public space and heritage, in the field of Architecture and Urbanism. Subjects of interest are studies in the areas of: a) architectural typology; urban morphology; urban and architectural heritage; urban rehabilitation; preservation guidelines; b) social housing; design processes; occupation and appropriation of collective spaces; modern and contemporary architecture; c) heritage and society, vulnerable groups, the immateriality of built goods, right to the city; d) criticizes, symbolic aspects of materiality and the city, identity processes.<\/p>\n<p style=\"text-align: justify\">Coordinators: Prof Dr C\u00e9lia Castro Gonsales; Prof Dr Aline Montagna da Silveira; Prof Dr Ana L\u00facia Costa de Oliveira, Prof Dr Louise Prado Alfonso and Prof Dr Ana El\u00edsia Costa.<\/p>\n<p style=\"text-align: justify\"><strong>Comfort, Technology and Sustainability in the City<\/strong><\/p>\n<p><img loading=\"lazy\" decoding=\"async\" class=\"size-full wp-image-430 aligncenter\" src=\"https:\/\/wp.ufpel.edu.br\/3ciecit\/files\/2021\/05\/light-681540_1280.jpg\" alt=\"\" width=\"1280\" height=\"853\" srcset=\"https:\/\/wp.ufpel.edu.br\/3ciecit\/files\/2021\/05\/light-681540_1280.jpg 1280w, https:\/\/wp.ufpel.edu.br\/3ciecit\/files\/2021\/05\/light-681540_1280-400x267.jpg 400w, https:\/\/wp.ufpel.edu.br\/3ciecit\/files\/2021\/05\/light-681540_1280-1024x682.jpg 1024w, https:\/\/wp.ufpel.edu.br\/3ciecit\/files\/2021\/05\/light-681540_1280-768x512.jpg 768w\" sizes=\"auto, (max-width: 706px) 89vw, (max-width: 767px) 82vw, 740px\" \/><\/p>\n<p style=\"text-align: justify\">This theme addresses qualitative and quantitative aspects of thermal, acoustic and lighting comfort in buildings and external spaces and their relationship with user satisfaction and energy efficiency. Also, the area of \u200b\u200bdevelopment of innovative products and processes, related to the different stages of <span style=\"font-size: 1rem\">building\u00b4s <\/span><span style=\"font-size: 1rem\">life cycle: conception, design, production, use, operation and maintenance. In addition to the conservation of the built heritage, the study of sustainable materials and construction systems.<\/span><\/p>\n<p style=\"text-align: justify\">Coordinators: Prof Dr Ariela Torres; Prof Dr Celina Corr\u00eaa.<\/p>\n","protected":false},"excerpt":{"rendered":"<p>The Congress proposes discussions on Citizenship, Public Space and Territory, within five thematic sections described below. Each thematic line will have an award-winning work, which will be awarded at the closing ceremony of the Congress. Digital Graphics and Citizenship This theme covers works that demonstrate that the inclusion of individuals in the digital world is &hellip; <\/p>\n<p class=\"link-more\"><a href=\"https:\/\/wp.ufpel.edu.br\/3ciecit\/thematic-sessions\/\" class=\"more-link\">Continue lendo<span class=\"screen-reader-text\"> &#8220;Thematic Sessions&#8221;<\/span><\/a><\/p>\n","protected":false},"author":956,"featured_media":0,"parent":0,"menu_order":0,"comment_status":"closed","ping_status":"closed","template":"","meta":{"footnotes":""},"class_list":["post-29","page","type-page","status-publish","hentry"],"_links":{"self":[{"href":"https:\/\/wp.ufpel.edu.br\/3ciecit\/wp-json\/wp\/v2\/pages\/29","targetHints":{"allow":["GET"]}}],"collection":[{"href":"https:\/\/wp.ufpel.edu.br\/3ciecit\/wp-json\/wp\/v2\/pages"}],"about":[{"href":"https:\/\/wp.ufpel.edu.br\/3ciecit\/wp-json\/wp\/v2\/types\/page"}],"author":[{"embeddable":true,"href":"https:\/\/wp.ufpel.edu.br\/3ciecit\/wp-json\/wp\/v2\/users\/956"}],"replies":[{"embeddable":true,"href":"https:\/\/wp.ufpel.edu.br\/3ciecit\/wp-json\/wp\/v2\/comments?post=29"}],"version-history":[{"count":7,"href":"https:\/\/wp.ufpel.edu.br\/3ciecit\/wp-json\/wp\/v2\/pages\/29\/revisions"}],"predecessor-version":[{"id":542,"href":"https:\/\/wp.ufpel.edu.br\/3ciecit\/wp-json\/wp\/v2\/pages\/29\/revisions\/542"}],"wp:attachment":[{"href":"https:\/\/wp.ufpel.edu.br\/3ciecit\/wp-json\/wp\/v2\/media?parent=29"}],"curies":[{"name":"wp","href":"https:\/\/api.w.org\/{rel}","templated":true}]}}