{"id":233,"date":"2021-04-15T15:16:54","date_gmt":"2021-04-15T18:16:54","guid":{"rendered":"https:\/\/wp.ufpel.edu.br\/3ciecit\/?page_id=233"},"modified":"2021-11-02T18:33:21","modified_gmt":"2021-11-02T21:33:21","slug":"organizadores","status":"publish","type":"page","link":"https:\/\/wp.ufpel.edu.br\/3ciecit\/es\/organizadores\/","title":{"rendered":"Organizadores"},"content":{"rendered":"<h3><strong>Coordinaci\u00f3n<\/strong><\/h3>\n<p><strong><span style=\"color: #808080\">Profe. Dr. Cristhian Moreira Brum<\/span><\/strong><br \/>\nFacultad de Arquitectura y Urbanismo<br \/>\nUniversidad Federal de Pelotas, Brasil<\/p>\n<p style=\"text-align: justify\"><strong><span style=\"color: #808080\">Profa. Dra. Adriana Portella<\/span><\/strong><br \/>\nFacultad de Arquitectura y Urbanismo, coordinador de <a href=\"https:\/\/wp.ufpel.edu.br\/labcom\/\">LabCom<\/a><br \/>\nUniversidad Federal de Pelotas, Brasil<\/p>\n<p><span style=\"color: #808080\"><strong>Profe. Dra. Celia Helena Castro Gonsales<\/strong><\/span><br \/>\n<span style=\"color: #808080\">Facultad de Arquitectura y Urbanismo, Coordinadora de <a style=\"color: #808080\" href=\"https:\/\/wp.ufpel.edu.br\/prograu\/\">PROGRAU<\/a><\/span><br \/>\n<span style=\"color: #808080\">Universidad Federal de Pelotas, Brasil<\/span><\/p>\n<p style=\"text-align: justify\"><strong><span style=\"color: #808080\">Profe. Dr. Eduardo Rocha<\/span><\/strong><br \/>\nFacultad de Arquitectura y Urbanismo, coordinador de <a href=\"https:\/\/wp.ufpel.edu.br\/laburb\/\">LabUrb<\/a><br \/>\nUniversidad Federal de Pelotas, Brasil<\/p>\n<p style=\"text-align: justify\"><strong><span style=\"color: #808080\">Profa. Dr. Nirce Saffer Medvedoski<\/span><\/strong><br \/>\nFacultad de Arquitectura y Urbanismo, coordinador de <a href=\"https:\/\/wp.ufpel.edu.br\/naurb\/\">NaUrb<\/a><br \/>\nUniversidad Federal de Pelotas, Brasil<\/p>\n<p style=\"text-align: justify\"><span style=\"color: #808080\"><strong>Prof. Dr. Maur\u00edcio Polidori<\/strong><\/span><br \/>\nFacultad de Arquitectura y Urbanismo, Director de <a href=\"https:\/\/wp.ufpel.edu.br\/faurb\/\">FaUrb<\/a><br \/>\nUniversidad Federal de Pelotas, Brasil<\/p>\n<p><strong><span style=\"color: #808080\">Lorena Maia, estudiante de doctorado<\/span><\/strong><br \/>\nFacultad de Arquitectura y Urbanismo<br \/>\nUniversidad Federal de Rio de Janeiro, Brasil<\/p>\n<p><strong><span style=\"color: #808080\">Thais Libardoni, Mestre<\/span><\/strong><br \/>\nFacultad de Arquitectura y Urbanismo<br \/>\nUniversidad Federal de Pelotas, Brasil<\/p>\n<h3><strong>Consultor\u00eda internacional<\/strong><\/h3>\n<p><strong><span style=\"color: #808080\">Profe. Dr. Ryan Woolrych<br \/>\n<\/span><\/strong><span style=\"color: #333333\">School of Energy, Geoscience, Infrastructure and Society<br \/>\nHeriot-Watt University, UK<\/span><\/p>\n<p><strong><span style=\"color: #808080\">Profe. Edgar Eduardo Roa Castillo<\/span><\/strong><br \/>\nFacultad de Arquitectura<br \/>\nUniversidad la Gran Colombia, Colombia<\/p>\n<p><strong><span style=\"color: #808080\">Profe. Juan Manuel Garz\u00f3n Blanco<\/span><\/strong><br \/>\nFacultad de Arquitectura<br \/>\nUniversidad la Gran Colombia, Colombia<\/p>\n<p><strong><span style=\"color: #808080\">Profe. Fabio Andr\u00e9s Vinasco \u00d1ustes<\/span><\/strong><br \/>\nFacultad de Arquitectura<br \/>\nUniversitaria Agustiniana, Colombia<\/p>\n<p><strong><span style=\"color: #808080\">Arquitecto Alberto Jim\u00e9nez Ruiz<\/span><\/strong><br \/>\nUniversidad de Sevilla, Espa\u00f1a<\/p>\n<p><span style=\"color: #808080\"><strong>Dr. Jos\u00e9 Mart\u00edn G\u00f3mez Tagle Morales<\/strong><\/span><br \/>\nGobierno de la Ciudad de M\u00e9xico, M\u00e9xico<\/p>\n<h3><strong>Comit\u00e9 t\u00e9cnico<\/strong><\/h3>\n<p><span style=\"color: #808080\"><strong>Alissa Xavier Alves<\/strong><\/span><br \/>\nFacultad de Arquitectura y Urbanismo<br \/>\nUniversidad Federal de Pelotas, Brasil<\/p>\n<p><span style=\"color: #808080\"><strong>Amanda Ferreira Garc\u00eda<\/strong><\/span><br \/>\nFacultad de Arquitectura y Urbanismo<br \/>\nUniversidad Federal de Pelotas, Brasil<\/p>\n<p><span style=\"color: #808080\"><strong>Adrian Pastore da Cunha<\/strong><\/span><br \/>\nCentro de Ciencias Socioorganizacionales<br \/>\nUniversidad Federal de Pelotas, Brasil<\/p>\n<p><span style=\"color: #808080\"><strong>Emily Schiavinatto Nogueira<\/strong><\/span><br \/>\ncolegio de arquitectura<br \/>\nUrbanismo en la Universidad Federal de Pelotas, Brasil<\/p>\n<p><strong><span style=\"color: #808080\">Lauren Nicole Gon\u00e7alves Duarte<\/span><\/strong><br \/>\nFacultad de Arquitectura y Urbanismo<br \/>\nUniversidad Federal de Pelotas, Brasil<\/p>\n<p><strong><span style=\"color: #808080\">Marcela Milgarejo Souza<\/span><\/strong><br \/>\nFacultad de Arquitectura y Urbanismo<br \/>\nUniversidad Federal de Pelotas, Brasil<\/p>\n<p><strong><span style=\"color: #808080\">Pamela Padilha Silveira<\/span><\/strong><br \/>\nFacultad de Arquitectura y Urbanismo<br \/>\nUniversidad Federal de Pelotas, Brasil<\/p>\n<p><strong><span style=\"color: #808080\">Mariana Marroni da Rosa<\/span><\/strong><br \/>\nFacultad de Arquitectura y Urbanismo<br \/>\nUniversidad Federal de Pelotas, Brasil<\/p>\n<p><span style=\"color: #808080\"><strong>Thais Libardoni, maestro<\/strong><\/span><br \/>\nFacultad de Arquitectura y Urbanismo<br \/>\nUniversidad Federal de Pelotas, Brasil<\/p>\n<p><strong><span style=\"color: #808080\">Lorena Maia, estudiante de doctorado<\/span><\/strong><br \/>\nFacultad de Arquitectura y Urbanismo<br \/>\nUniversidad Federal de Rio de Janeiro, Brasil<\/p>\n<h3><strong>Comit\u00e9 Cient\u00edfico<\/strong><\/h3>\n<p><span style=\"color: #808080\"><strong>Profa. Dra. Adriana Portella<\/strong><\/span><br \/>\nFacultad de Arquitectura y Urbanismo<br \/>\nUniversidad Federal de Pelotas, Brasil<\/p>\n<p><strong><span style=\"color: #808080\">Profa. Dra. Adriane Borda Almeida<\/span><\/strong><br \/>\nFacultad de Arquitectura y Urbanismo<br \/>\nUniversidad Federal de Pelotas, Brasil<\/p>\n<p><strong><span style=\"color: #808080\">Profa. Dra. Aline Montagna da Silveira<\/span><\/strong><br \/>\nFacultad de Arquitectura y Urbanismo<br \/>\nUniversidad Federal de Pelotas, Brasil<\/p>\n<p><strong><span style=\"color: #808080\">Profa. Dra. Ana Elisia da Costa<\/span><\/strong><br \/>\nFacultad de Arquitectura y Urbanismo<br \/>\nUniversidad Federal de Pelotas, Brasil<\/p>\n<p><strong><span style=\"color: #808080\">Profa. Dra. Ana L\u00facia Costa de Oliveira<\/span><\/strong><br \/>\nFacultad de Arquitectura y Urbanismo<br \/>\nUniversidad Federal de Pelotas, Brasil<\/p>\n<p><strong><span style=\"color: #808080\">Profe. Dr. Andr\u00e9 Torres Carrasco<\/span><\/strong><br \/>\nFacultad de Arquitectura y Urbanismo<br \/>\nUniversidad Federal de Pelotas, Brasil<\/p>\n<p><strong><span style=\"color: #808080\">Profe. Dr. Ant\u00f4nio Cesar Silveira Baptista da Silva<\/span><\/strong><br \/>\nFacultad de Arquitectura y Urbanismo<br \/>\nUniversidad Federal de Pelotas, Brasil<\/p>\n<p><span style=\"color: #808080\"><strong>Profa. Dra. Ariela da Silva Torres<\/strong><\/span><br \/>\nFacultad de Arquitectura y Urbanismo<br \/>\nUniversidad Federal de Pelotas, Brasil<\/p>\n<p><strong><span style=\"color: #808080\">Profa. Dra. C\u00e9lia Castro Gonsales<\/span><\/strong><br \/>\nFacultad de Arquitectura y Urbanismo<br \/>\nUniversidad Federal de Pelotas, Brasil<\/p>\n<p><strong><span style=\"color: #808080\">Profa. Dra. Celina Britto Correa<\/span><\/strong><br \/>\nFacultad de Arquitectura y Urbanismo<br \/>\nUniversidad Federal de Pelotas, Brasil<\/p>\n<p><strong><span style=\"color: #808080\">Profe. Dr. Cristhian Moreira Brum<\/span><\/strong><br \/>\nFacultad de Arquitectura y Urbanismo<br \/>\nUniversidad Federal de Pelotas, Brasil<\/p>\n<p><strong><span style=\"color: #808080\">Profe. Dr. Eduardo Grala da Cunha<\/span><\/strong><br \/>\nFacultad de Arquitectura y Urbanismo<br \/>\nUniversidad Federal de Pelotas, Brasil<\/p>\n<p><strong><span style=\"color: #808080\">Profe. Dr. Eduardo Rocha<\/span><\/strong><br \/>\nFacultad de Arquitectura y Urbanismo<br \/>\nUniversidad Federal de Pelotas, Brasil<\/p>\n<p><strong><span style=\"color: #808080\">Profe. Dr. F\u00e1bio Schramm<\/span><\/strong><br \/>\nFacultad de Arquitectura y Urbanismo<br \/>\nUniversidad Federal de Pelotas, Brasil<\/p>\n<p><span style=\"color: #808080\"><strong>Profa. Dra. Gisele Pereira<\/strong><\/span><br \/>\nCentro de Ciencias Socioorganizacionales<br \/>\nUniversidad Federal de Pelotas, Brasil<\/p>\n<p><strong><span style=\"color: #808080\">Profa. Dra. Isabel Salamoni<\/span><\/strong><br \/>\nFacultad de Arquitectura y Urbanismo<br \/>\nUniversidad Federal de Pelotas, Brasil<\/p>\n<p><strong><span style=\"color: #808080\">Profa. Dra. Janice de Freitas Pires<\/span><\/strong><br \/>\nFacultad de Arquitectura y Urbanismo<br \/>\nUniversidad Federal de Pelotas, Brasil<\/p>\n<p><strong><span style=\"color: #808080\">Profa. Dra. L\u00edgia Maria Chiarelli<\/span><\/strong><br \/>\nFacultad de Arquitectura y Urbanismo<br \/>\nUniversidad Federal de Pelotas, Brasil<\/p>\n<p><strong><span style=\"color: #808080\">Profa. Dra. Lisandra Fachinello Krebs<\/span><\/strong><br \/>\nFacultad de Arquitectura y Urbanismo<br \/>\nUniversidad Federal de Pelotas, Brasil<\/p>\n<p><strong><span style=\"color: #808080\">Profa. Dra. Louise Prado Alfonso<\/span><\/strong><br \/>\nInstituto de Ciencias Humanas<br \/>\nUniversidad Federal de Pelotas, Brasil<\/p>\n<p><strong><span style=\"color: #808080\">Profe. Dr. Luis Ant\u00f4nio dos Santos Franz<\/span><\/strong><br \/>\nCentro de ingenieria<br \/>\nUniversidad Federal de Pelotas, Brasil<\/p>\n<p><strong><span style=\"color: #808080\">Profe. Dr. Maur\u00edcio Couto Polidori<\/span><\/strong><br \/>\nFacultad de Arquitectura y Urbanismo<br \/>\nUniversidad Federal de Pelotas, Brasil<\/p>\n<p><strong><span style=\"color: #808080\">Profa. Dra. Natalia Naoumova<\/span><\/strong><br \/>\nFacultad de Arquitectura y Urbanismo<br \/>\nUniversidad Federal de Pelotas, Brasil<\/p>\n<p><strong><span style=\"color: #808080\">Profa. Dra. Nirce Saffer Medvedovski<\/span><\/strong><br \/>\nFacultad de Arquitectura y Urbanismo<br \/>\nUniversidad Federal de Pelotas, Brasil<\/p>\n<p><strong><span style=\"color: #808080\">Profa. Dra. Rafaela Bortolini<\/span><\/strong><br \/>\nFacultad de Arquitectura y Urbanismo<br \/>\nUniversidad Federal de Pelotas, Brasil<\/p>\n<p><strong><span style=\"color: #808080\">Profe. Dr. Tarc\u00edsio Dorn de Oliveira<\/span><\/strong><br \/>\nCurso de Arquitectura y Urbanismo<br \/>\nUniversidad Regional Noroeste del Estado de Rio Grande do Sul, Brasil<\/p>\n<p><strong><span style=\"color: #808080\">Dra. Cl\u00e1udia Eliane Ilgenfritz Toso<\/span><\/strong><br \/>\nHistoriador<br \/>\nGrupo de investigaci\u00f3n EMGEOCS e IFP JBarcaro, Brasil<\/p>\n<p><strong><span style=\"color: #808080\">Profa. Dra. Helena Copetti Callai<\/span><\/strong><br \/>\nCurso de Arquitectura y Urbanismo<br \/>\nUniversidad Regional Noroeste del Estado de Rio Grande do Sul, Brasil<\/p>\n<p><strong><span style=\"color: #808080\">Profa. Dra. Lucimery Dal Medico<\/span><\/strong><br \/>\nCurso de Arquitectura y Urbanismo<br \/>\nUniversidad Regional Integrada del Alto Uruguay y las Misiones, Brasil<\/p>\n<p><strong><span style=\"color: #808080\">Profe. Edgar Eduardo Roa Castillo<\/span><\/strong><br \/>\nFacultad de Arquitectura<br \/>\nUniversidad la Gran Colombia, Colombia<\/p>\n","protected":false},"excerpt":{"rendered":"<p>Coordinaci\u00f3n Profe. Dr. Cristhian Moreira Brum Facultad de Arquitectura y Urbanismo Universidad Federal de Pelotas, Brasil Profa. Dra. Adriana Portella Facultad de Arquitectura y Urbanismo, coordinador de LabCom Universidad Federal de Pelotas, Brasil Profe. Dra. Celia Helena Castro Gonsales Facultad de Arquitectura y Urbanismo, Coordinadora de PROGRAU Universidad Federal de Pelotas, Brasil Profe. Dr. Eduardo &hellip; <\/p>\n<p class=\"link-more\"><a href=\"https:\/\/wp.ufpel.edu.br\/3ciecit\/es\/organizadores\/\" class=\"more-link\">Continue lendo<span class=\"screen-reader-text\"> &#8220;Organizadores&#8221;<\/span><\/a><\/p>\n","protected":false},"author":956,"featured_media":0,"parent":0,"menu_order":0,"comment_status":"closed","ping_status":"closed","template":"","meta":{"footnotes":""},"class_list":["post-233","page","type-page","status-publish","hentry"],"_links":{"self":[{"href":"https:\/\/wp.ufpel.edu.br\/3ciecit\/wp-json\/wp\/v2\/pages\/233","targetHints":{"allow":["GET"]}}],"collection":[{"href":"https:\/\/wp.ufpel.edu.br\/3ciecit\/wp-json\/wp\/v2\/pages"}],"about":[{"href":"https:\/\/wp.ufpel.edu.br\/3ciecit\/wp-json\/wp\/v2\/types\/page"}],"author":[{"embeddable":true,"href":"https:\/\/wp.ufpel.edu.br\/3ciecit\/wp-json\/wp\/v2\/users\/956"}],"replies":[{"embeddable":true,"href":"https:\/\/wp.ufpel.edu.br\/3ciecit\/wp-json\/wp\/v2\/comments?post=233"}],"version-history":[{"count":11,"href":"https:\/\/wp.ufpel.edu.br\/3ciecit\/wp-json\/wp\/v2\/pages\/233\/revisions"}],"predecessor-version":[{"id":401,"href":"https:\/\/wp.ufpel.edu.br\/3ciecit\/wp-json\/wp\/v2\/pages\/233\/revisions\/401"}],"wp:attachment":[{"href":"https:\/\/wp.ufpel.edu.br\/3ciecit\/wp-json\/wp\/v2\/media?parent=233"}],"curies":[{"name":"wp","href":"https:\/\/api.w.org\/{rel}","templated":true}]}}