{"id":226,"date":"2021-04-15T15:15:02","date_gmt":"2021-04-15T18:15:02","guid":{"rendered":"https:\/\/wp.ufpel.edu.br\/3ciecit\/?page_id=226"},"modified":"2021-11-02T18:32:55","modified_gmt":"2021-11-02T21:32:55","slug":"equipe-organizadora","status":"publish","type":"page","link":"https:\/\/wp.ufpel.edu.br\/3ciecit\/pt\/equipe-organizadora\/","title":{"rendered":"Equipe Organizadora"},"content":{"rendered":"<h3><strong>Coordena\u00e7\u00e3o<\/strong><\/h3>\n<p><span style=\"color: #999999\"><strong>Prof. Dr. Cristhian Moreira Brum<\/strong><\/span><br \/>\nFaculdade de Arquitetura e Urbanismo<br \/>\nUniversidade Federal de Pelotas, Brasil<\/p>\n<p style=\"text-align: justify\"><span style=\"color: #999999\"><strong>Profa. Dra. Adriana Portella<\/strong><\/span><br \/>\nFaculdade de Arquitetura e Urbanismo, Coordenadora do <a href=\"https:\/\/wp.ufpel.edu.br\/labcom\/\">LabCom<\/a><br \/>\nUniversidade Federal de Pelotas, Brasil<\/p>\n<p><span style=\"color: #999999\"><strong>Profa. Dra. Celia Helena Castro Gonsales<\/strong><\/span><br \/>\nFaculdade de Arquitetura e Urbanismo, Coordenadora do <a href=\"https:\/\/wp.ufpel.edu.br\/prograu\/\">PROGRAU<\/a><br \/>\nUniversidade Federal de Pelotas, Brasil<\/p>\n<p style=\"text-align: justify\"><span style=\"color: #999999\"><strong>Prof. Dr. Eduardo Rocha<\/strong><\/span><br \/>\nFaculdade de Arquitetura e Urbanismo, Coordenador do <a href=\"https:\/\/wp.ufpel.edu.br\/laburb\/\">LabUrb<\/a><br \/>\nUniversidade Federal de Pelotas, Brasil<\/p>\n<p style=\"text-align: justify\"><span style=\"color: #999999\"><strong>Profa. Dra. Nirce Saffer Medvedoski<\/strong><\/span><br \/>\nFaculdade de Arquitetura e Urbanismo, Coordenadora do <a href=\"https:\/\/wp.ufpel.edu.br\/naurb\/\">NaUrb<\/a><br \/>\nUniversidade Federal de Pelotas, Brasil<\/p>\n<p style=\"text-align: justify\"><span style=\"color: #999999\"><strong>Prof. Dr. Maur\u00edcio Polidori<\/strong><\/span><br \/>\nFaculdade de Arquitetura e Urbanismo, Diretor da Faculdade de Arquitetura e Urbanismo (<a href=\"https:\/\/wp.ufpel.edu.br\/faurb\/\">FaUrb<\/a>)<br \/>\nUniversidade Federal de Pelotas, Brasil<\/p>\n<p><strong><span style=\"color: #999999\">Lorena Maia, Doutoranda<\/span><\/strong><br \/>\nFaculdade de Arquitetura e Urbanismo<br \/>\nUniversidade Federal do Rio de Janeiro, Brasil<\/p>\n<p><span style=\"color: #999999\"><strong>Thais Libardoni, Mestre<\/strong><\/span><br \/>\nFaculdade de Arquitetura e Urbanismo<br \/>\nUniversidade Federal de Pelotas, Brasil<\/p>\n<h3><strong>Consultoria Internacional<\/strong><\/h3>\n<p><strong><span style=\"color: #808080\"><span style=\"color: #999999\">Prof. Dr. Ryan Woolrych<\/span><br \/>\n<\/span><\/strong><span style=\"color: #333333\">School of Energy, Geoscience, Infrastructure and Society<br \/>\nHeriot-Watt University, UK<\/span><\/p>\n<p><span style=\"color: #999999\"><strong>Professor Edgar Eduardo Roa Castillo<\/strong><\/span><br \/>\nFacultad de Arquitectura<br \/>\nUniversidad la Gran Colombia, Colombia<\/p>\n<p><strong><span style=\"color: #999999\">Professor Juan Manuel Garzo\u0301n Blanco<\/span><\/strong><br \/>\nFacultad de Arquitectura<br \/>\nUniversidad la Gran Colombia, Colombia<\/p>\n<p><strong><span style=\"color: #999999\">Professor Fabio Andr\u00e9s Vinasco \u00d1ustes<\/span><\/strong><br \/>\nFacultad de Arquitectura<br \/>\nUniversitaria Agustiniana, Colombia<\/p>\n<p><span style=\"color: #999999\"><strong>Arquiteto Alberto Jim\u00e9nez Ruiz<\/strong><\/span><br \/>\nUniversidad de Sevilla, Espanha<\/p>\n<p><strong><span style=\"color: #999999\">Dr. Jos\u00e9 Mart\u00edn G\u00f3mez Tagle Morales<\/span><\/strong><br \/>\nGobierno de la Ciudad de Mexico, Mexico<\/p>\n<h3><strong>Comit\u00ea T\u00e9cnico<\/strong><\/h3>\n<p><span style=\"color: #999999\"><strong>Alissa Xavier Alves<\/strong><\/span><br \/>\nFaculdade de Arquitetura e Urbanismo<br \/>\nUniversidade Federal de Pelotas, Brasil<\/p>\n<p><strong><span style=\"color: #999999\">Amanda Ferreira Garcia<\/span><\/strong><br \/>\nFaculdade de Arquitetura e Urbanismo<br \/>\nUniversidade Federal de Pelotas, Brasil<\/p>\n<p><span style=\"color: #999999\"><strong>Adrian Pastore da Cunha<\/strong><\/span><br \/>\nCentro de Ci\u00eancias Socio-Organizacionais<br \/>\nUniversidade Federal de Pelotas, Brasil<\/p>\n<p><strong><span style=\"color: #999999\">Emily Schiavinatto Nogueira<\/span><\/strong><br \/>\nFaculdade de Arquitetura<br \/>\nUrbanismo da Universidade Federal de Pelotas, Brasil<\/p>\n<p><strong><span style=\"color: #999999\">Lauren Nicole Gon\u00e7alves Duarte<\/span><\/strong><br \/>\nFaculdade de Arquitetura e Urbanismo<br \/>\nUniversidade Federal de Pelotas, Brasil<\/p>\n<p><span style=\"color: #999999\"><strong>Marcela Milgarejo Souza<\/strong><\/span><br \/>\nFaculdade de Arquitetura e Urbanismo<br \/>\nUniversidade Federal de Pelotas, Brasil<\/p>\n<p><span style=\"color: #999999\"><strong>P\u00e2mela Padilha Silveira<\/strong><\/span><br \/>\nFaculdade de Arquitetura e Urbanismo<br \/>\nUniversidade Federal de Pelotas, Brasil<\/p>\n<p><span style=\"color: #999999\"><strong>Mariana Marroni da Rosa<\/strong><\/span><br \/>\nFaculdade de Arquitetura e Urbanismo<br \/>\nUniversidade Federal de Pelotas, Brasil<\/p>\n<p><span style=\"color: #999999\"><strong>Thais Libardoni, Mestre<\/strong><\/span><br \/>\nFaculdade de Arquitetura e Urbanismo<br \/>\nUniversidade Federal de Pelotas, Brasil<\/p>\n<p><strong><span style=\"color: #999999\">Lorena Maia, Doutoranda<\/span><\/strong><br \/>\nFaculdade de Arquitetura e Urbanismo<br \/>\nUniversidade Federal do Rio de Janeiro, Brasil<\/p>\n<h3><strong>Comit\u00ea Cient\u00edfico<\/strong><\/h3>\n<p><strong><span style=\"color: #999999\">Profa. Dra. Adriana Portella<\/span><\/strong><br \/>\nFaculdade de Arquitetura e Urbanismo<br \/>\nUniversidade Federal de Pelotas, Brasil<\/p>\n<p><strong><span style=\"color: #999999\">Profa. Dra. Adriane Borda Almeida<\/span><\/strong><br \/>\nFaculdade de Arquitetura e Urbanismo<br \/>\nUniversidade Federal de Pelotas, Brasil<\/p>\n<p><strong><span style=\"color: #999999\">Profa. Dra. Aline Montagna da Silveira<\/span><\/strong><br \/>\nFaculdade de Arquitetura e Urbanismo<br \/>\nUniversidade Federal de Pelotas, Brasil<\/p>\n<p><strong><span style=\"color: #999999\">Profa. Dra. Ana Elisia da Costa<\/span><\/strong><br \/>\nFaculdade de Arquitetura e Urbanismo<br \/>\nUniversidade Federal de Pelotas, Brasil<\/p>\n<p><strong><span style=\"color: #999999\">Profa. Dra. Ana L\u00facia Costa de Oliveira<\/span><\/strong><br \/>\nFaculdade de Arquitetura e Urbanismo<br \/>\nUniversidade Federal de Pelotas, Brasil<\/p>\n<p><strong><span style=\"color: #999999\">Prof. Dr. Andr\u00e9 Torres Carrasco<\/span><\/strong><br \/>\nFaculdade de Arquitetura e Urbanismo<br \/>\nUniversidade Federal de Pelotas, Brasil<\/p>\n<p><strong><span style=\"color: #999999\">Prof. Dr. Ant\u00f4nio Cesar Silveira Baptista da Silva<\/span><\/strong><br \/>\nFaculdade de Arquitetura e Urbanismo<br \/>\nUniversidade Federal de Pelotas, Brasil<\/p>\n<p><strong><span style=\"color: #999999\">Profa. Dra. Ariela da Silva Torres<\/span><\/strong><br \/>\nFaculdade de Arquitetura e Urbanismo<br \/>\nUniversidade Federal de Pelotas, Brasil<\/p>\n<p><strong><span style=\"color: #999999\">Profa. Dra. C\u00e9lia Castro Gonsales<\/span><\/strong><br \/>\nFaculdade de Arquitetura e Urbanismo<br \/>\nUniversidade Federal de Pelotas, Brasil<\/p>\n<p><strong><span style=\"color: #999999\">Profa. Dra. Celina Britto Correa<\/span><\/strong><br \/>\nFaculdade de Arquitetura e Urbanismo<br \/>\nUniversidade Federal de Pelotas, Brasil<\/p>\n<p><strong><span style=\"color: #999999\">Prof. Dr. Cristhian Moreira Brum<\/span><\/strong><br \/>\nFaculdade de Arquitetura e Urbanismo<br \/>\nUniversidade Federal de Pelotas, Brasil<\/p>\n<p><strong><span style=\"color: #999999\">Prof. Dr. Eduardo Grala da Cunha<\/span><\/strong><br \/>\nFaculdade de Arquitetura e Urbanismo<br \/>\nUniversidade Federal de Pelotas, Brasil<\/p>\n<p><strong><span style=\"color: #999999\">Prof. Dr. Eduardo Rocha<\/span><\/strong><br \/>\nFaculdade de Arquitetura e Urbanismo<br \/>\nUniversidade Federal de Pelotas, Brasil<\/p>\n<p><strong><span style=\"color: #999999\">Prof. Dr. F\u00e1bio Schramm<\/span><\/strong><br \/>\nFaculdade de Arquitetura e Urbanismo<br \/>\nUniversidade Federal de Pelotas, Brasil<\/p>\n<p><strong><span style=\"color: #999999\">Profa. Dra. Gisele Pereira<\/span><\/strong><br \/>\nCentro de Ci\u00eancias S\u00f3cio-Organizacionais<br \/>\nUniversidade Federal de Pelotas, Brasil<\/p>\n<p><strong><span style=\"color: #999999\">Profa. Dra. Isabel Salamoni<\/span><\/strong><br \/>\nFaculdade de Arquitetura e Urbanismo<br \/>\nUniversidade Federal de Pelotas, Brasil<\/p>\n<p><strong><span style=\"color: #999999\">Profa. Dra. Janice de Freitas Pires<\/span><\/strong><br \/>\nFaculdade de Arquitetura e Urbanismo<br \/>\nUniversidade Federal de Pelotas, Brasil<\/p>\n<p><strong><span style=\"color: #999999\">Profa. Dra. L\u00edgia Maria Chiarelli<\/span><\/strong><br \/>\nFaculdade de Arquitetura e Urbanismo<br \/>\nUniversidade Federal de Pelotas, Brasil<\/p>\n<p><strong><span style=\"color: #999999\">Profa. Dra. Lisandra Fachinello Krebs<\/span><\/strong><br \/>\nFaculdade de Arquitetura e Urbanismo<br \/>\nUniversidade Federal de Pelotas, Brasil<\/p>\n<p><strong><span style=\"color: #999999\">Profa. Dra. Louise Prado Alfonso<\/span><\/strong><br \/>\nInstituto de Ci\u00eancias Humanas<br \/>\nUniversidade Federal de Pelotas, Brasil<\/p>\n<p><strong><span style=\"color: #999999\">Prof. Dr. Luis Ant\u00f4nio dos Santos Franz<\/span><\/strong><br \/>\nCentro de Engenharias<br \/>\nUniversidade Federal de Pelotas, Brasil<\/p>\n<p><strong><span style=\"color: #999999\">Prof. Dr. Maur\u00edcio Couto Polidori<\/span><\/strong><br \/>\nFaculdade de Arquitetura e Urbanismo<br \/>\nUniversidade Federal de Pelotas, Brasil<\/p>\n<p><strong><span style=\"color: #999999\">Profa. Dra. Natalia Naoumova<\/span><\/strong><br \/>\nFaculdade de Arquitetura e Urbanismo<br \/>\nUniversidade Federal de Pelotas, Brasil<\/p>\n<p><span style=\"color: #999999\"><strong>Profa. Dra. Nirce Saffer Medvedovski<\/strong><\/span><br \/>\nFaculdade de Arquitetura e Urbanismo<br \/>\nUniversidade Federal de Pelotas, Brasil<\/p>\n<p><strong><span style=\"color: #999999\">Profa. Dra. Rafaela Bortolini<\/span><\/strong><br \/>\nFaculdade de Arquitetura e Urbanismo<br \/>\nUniversidade Federal de Pelotas, Brasil<\/p>\n<p><strong><span style=\"color: #999999\">Prof. Dr. Tarc\u00edsio Dorn de Oliveira<\/span><\/strong><br \/>\nCurso de Arquitetura e Urbanismo<br \/>\nUniversidade Regional do Noroeste do Estado do Rio Grande do Sul, Brasil<\/p>\n<p><span style=\"color: #999999\"><strong>Dra. Cl\u00e1udia Eliane Ilgenfritz Toso<\/strong><\/span><br \/>\nHistoriadora<br \/>\nGrupo de Pesquisa EMGEOCS e IFP JBarcaro, Brasil<\/p>\n<p><strong><span style=\"color: #999999\">Profa. Dra. Helena Copetti Callai<\/span><\/strong><br \/>\nCurso de Arquitetura e Urbanismo<br \/>\nUniversidade Regional do Noroeste do Estado do Rio Grande do Sul, Brasil<\/p>\n<p><span style=\"color: #999999\"><strong>Profa. Dra. Lucimery Dal Medico<\/strong><\/span><br \/>\nCurso de Arquitetura e Urbanismo<br \/>\nUniversidade Regional Integrada do Alto Uruguai e das Miss\u00f5es, Brasil<\/p>\n<p><span style=\"color: #999999\"><strong>Professor Edgar Eduardo Roa Castillo<\/strong><\/span><br \/>\nFacultad de Arquitectura<br \/>\nUniversidad la Gran Colombia, Colombia<\/p>\n","protected":false},"excerpt":{"rendered":"<p>Coordena\u00e7\u00e3o Prof. Dr. Cristhian Moreira Brum Faculdade de Arquitetura e Urbanismo Universidade Federal de Pelotas, Brasil Profa. Dra. Adriana Portella Faculdade de Arquitetura e Urbanismo, Coordenadora do LabCom Universidade Federal de Pelotas, Brasil Profa. Dra. Celia Helena Castro Gonsales Faculdade de Arquitetura e Urbanismo, Coordenadora do PROGRAU Universidade Federal de Pelotas, Brasil Prof. Dr. Eduardo &hellip; <\/p>\n<p class=\"link-more\"><a href=\"https:\/\/wp.ufpel.edu.br\/3ciecit\/pt\/equipe-organizadora\/\" class=\"more-link\">Continue lendo<span class=\"screen-reader-text\"> &#8220;Equipe Organizadora&#8221;<\/span><\/a><\/p>\n","protected":false},"author":956,"featured_media":0,"parent":0,"menu_order":0,"comment_status":"closed","ping_status":"closed","template":"","meta":{"footnotes":""},"class_list":["post-226","page","type-page","status-publish","hentry"],"_links":{"self":[{"href":"https:\/\/wp.ufpel.edu.br\/3ciecit\/wp-json\/wp\/v2\/pages\/226","targetHints":{"allow":["GET"]}}],"collection":[{"href":"https:\/\/wp.ufpel.edu.br\/3ciecit\/wp-json\/wp\/v2\/pages"}],"about":[{"href":"https:\/\/wp.ufpel.edu.br\/3ciecit\/wp-json\/wp\/v2\/types\/page"}],"author":[{"embeddable":true,"href":"https:\/\/wp.ufpel.edu.br\/3ciecit\/wp-json\/wp\/v2\/users\/956"}],"replies":[{"embeddable":true,"href":"https:\/\/wp.ufpel.edu.br\/3ciecit\/wp-json\/wp\/v2\/comments?post=226"}],"version-history":[{"count":22,"href":"https:\/\/wp.ufpel.edu.br\/3ciecit\/wp-json\/wp\/v2\/pages\/226\/revisions"}],"predecessor-version":[{"id":710,"href":"https:\/\/wp.ufpel.edu.br\/3ciecit\/wp-json\/wp\/v2\/pages\/226\/revisions\/710"}],"wp:attachment":[{"href":"https:\/\/wp.ufpel.edu.br\/3ciecit\/wp-json\/wp\/v2\/media?parent=226"}],"curies":[{"name":"wp","href":"https:\/\/api.w.org\/{rel}","templated":true}]}}