{"id":207,"date":"2021-04-15T14:43:04","date_gmt":"2021-04-15T17:43:04","guid":{"rendered":"https:\/\/wp.ufpel.edu.br\/3ciecit\/?page_id=207"},"modified":"2021-04-20T11:17:57","modified_gmt":"2021-04-20T14:17:57","slug":"pelotas","status":"publish","type":"page","link":"https:\/\/wp.ufpel.edu.br\/3ciecit\/pt\/pelotas\/","title":{"rendered":"Pelotas"},"content":{"rendered":"<p><img loading=\"lazy\" decoding=\"async\" class=\"size-full wp-image-211 aligncenter\" src=\"https:\/\/wp.ufpel.edu.br\/3ciecit\/files\/2021\/04\/DSC_0036_8-scaled.jpg\" alt=\"\" width=\"2560\" height=\"1696\" srcset=\"https:\/\/wp.ufpel.edu.br\/3ciecit\/files\/2021\/04\/DSC_0036_8-scaled.jpg 2560w, https:\/\/wp.ufpel.edu.br\/3ciecit\/files\/2021\/04\/DSC_0036_8-400x265.jpg 400w, https:\/\/wp.ufpel.edu.br\/3ciecit\/files\/2021\/04\/DSC_0036_8-1024x678.jpg 1024w, https:\/\/wp.ufpel.edu.br\/3ciecit\/files\/2021\/04\/DSC_0036_8-768x509.jpg 768w, https:\/\/wp.ufpel.edu.br\/3ciecit\/files\/2021\/04\/DSC_0036_8-1536x1017.jpg 1536w, https:\/\/wp.ufpel.edu.br\/3ciecit\/files\/2021\/04\/DSC_0036_8-2048x1356.jpg 2048w\" sizes=\"auto, (max-width: 706px) 89vw, (max-width: 767px) 82vw, 740px\" \/><\/p>\n<p><span style=\"font-size: 10pt\">Foto: Pra\u00e7a Coronel Pedro Os\u00f3rio, Pelotas, Brasil. Fonte: Portella.<\/span><\/p>\n<p style=\"text-align: justify\"><strong>Embora nosso Congresso seja totalmente online, aqui colocamos algumas informa\u00e7\u00f5es sobre a cidade de Pelotas no Brasil<\/strong>, onde se localiza a Universidade Federal de Pelotas, para que voc\u00ea conhe\u00e7a um pouquinho da nossa cultura e venha nos visitar quando a pandemia terminar.<\/p>\n<p style=\"text-align: justify\"><strong>Pelotas<\/strong>\u00a0\u00e9 uma cidade na regi\u00e3o sul do Brasil, sendo localizada pr\u00f3xima ao Uruguai e a Argentina. A regi\u00e3o destaca-se pela gastronomia, pr\u00e9dios hist\u00f3ricos, paisagem natural, praia e clima frio. A cidade est\u00e1 localizada no estado do Rio Grande do Sul, a 250 quil\u00f4metros da capital, Porto Alegre. Possui uma popula\u00e7\u00e3o de aproximadamente 330 mil habitantes, sendo a terceira cidade mais populosa do estado.<\/p>\n<p style=\"text-align: justify\">A Freguesia de S\u00e3o Francisco de Paula foi fundada em 7 de Julho de 1812 e elevada \u00e0 categoria de Vila em 7 de abril de 1832. Tr\u00eas anos depois, em 1835, a Vila \u00e9 elevada \u00e0 condi\u00e7\u00e3o de Cidade, com o nome de Pelotas. O nome do munic\u00edpio, \u201cPelotas\u201d, teve origem nas embarca\u00e7\u00f5es de varas de corticeira forradas de couro, usadas para a travessia dos rios na \u00e9poca das charqueadas. Charqueada \u00e9 uma \u00e1rea rural onde se produzia o charque, onde a carne salgada era exposta para o processo de desidrata\u00e7\u00e3o. A ind\u00fastria saladeiril e o ciclo do charque (s\u00e9culo XIX) deixaram suas marcas no extremo sul do Brasil, tornando Pelotas refer\u00eancia hist\u00f3rica na produ\u00e7\u00e3o de charque. Entretanto, as charqueadas tamb\u00e9m se\u00a0 caracterizaram pela presen\u00e7a de grande popula\u00e7\u00e3o escrava e representam lugares onde atrocidades a essa popula\u00e7\u00e3o foram cometidas, e portanto s\u00e3o um s\u00edmbolo de uma hist\u00f3ria que nunca mais deve acontecer.<\/p>\n<p style=\"text-align: justify\">A hist\u00f3ria do povoado pelotense come\u00e7a em junho de 1758, com a primeira ocupa\u00e7\u00e3o de suas terras, sendo que em 1763, fugindo da invas\u00e3o espanhola no estado do Rio Grande do Sul no Brasil, muitos habitantes buscaram ref\u00fagio nas terras da futura cidade. Mais tarde, vieram tamb\u00e9m os retirantes da Col\u00f4nia do Sacramento do Uruguai, entregue pelos portugueses aos espanh\u00f3is em 1777. Em 1780, instala-se em Pelotas o charqueador portugu\u00eas Jos\u00e9 Pinto Martins. A prosperidade do estabelecimento estimulou a cria\u00e7\u00e3o de outras charqueadas e o crescimento da regi\u00e3o, dando origem \u00e0 povoa\u00e7\u00e3o que demarcaria o in\u00edcio da cidade. Com o sucesso dessa ind\u00fastria, os charqueadores, dispondo de duas esta\u00e7\u00f5es amenas, constru\u00edam palacetes para suas habita\u00e7\u00f5es e promoviam a cultura e a educa\u00e7\u00e3o, no ambiente urbano, exemplificado pela inaugura\u00e7\u00e3o do <strong>Teatro Sete de Abril em 1831<\/strong>, quatro anos antes de Pelotas ser elevada \u00e0 condi\u00e7\u00e3o de cidade.<\/p>\n<p><img loading=\"lazy\" decoding=\"async\" class=\"size-full wp-image-298 aligncenter\" src=\"https:\/\/wp.ufpel.edu.br\/3ciecit\/files\/2021\/04\/teatro.jpg\" alt=\"\" width=\"900\" height=\"602\" srcset=\"https:\/\/wp.ufpel.edu.br\/3ciecit\/files\/2021\/04\/teatro.jpg 900w, https:\/\/wp.ufpel.edu.br\/3ciecit\/files\/2021\/04\/teatro-400x268.jpg 400w, https:\/\/wp.ufpel.edu.br\/3ciecit\/files\/2021\/04\/teatro-768x514.jpg 768w\" sizes=\"auto, (max-width: 706px) 89vw, (max-width: 767px) 82vw, 740px\" \/><\/p>\n<p><span style=\"font-size: 10pt\">Foto: Teatro Sete de Abril, Pelotas, Brasil. Fonte: Wikipedia.<\/span><\/p>\n<p style=\"text-align: justify\">Atualmente Pelotas \u00e9 conhecida como a Capital Nacional do Doce. Teve os primeiros doces portugueses produzidos aproximadamente na d\u00e9cada de 1860, quando come\u00e7a o per\u00edodo de apogeu do munic\u00edpio. De 1860 a 1890, os investimentos foram intensos em atividades de cunho cultural, que caracterizaram, durante anos, Pelotas como a cidade mais aristocr\u00e1tica do Rio Grande do Sul. Os doces eram servidos nos intervalos dos saraus (festas com m\u00fasica) envolvidos em pap\u00e9is de seda rendados e franjados. Sua produ\u00e7\u00e3o era realizada de maneira caseira pelas mulheres. Como existiam rigorosas regras de costumes na \u00e9poca, muitas atividades n\u00e3o poderiam ser desenvolvidas ao ar livre; as mulheres passaram ent\u00e3o a praticar a culin\u00e1ria, com reconhecido destaque tamb\u00e9m nas atividades de bordado, m\u00fasica e pintura.<\/p>\n<p style=\"text-align: justify\">A cidade hoje \u00e9 repleta de estudantes de gradua\u00e7\u00e3o e p\u00f3s-gradua\u00e7\u00e3o, os quais s\u00e3o respons\u00e1veis pela ess\u00eancia acad\u00eamica, cient\u00edfica, cultural e simb\u00f3lica do lugar. A cidade conta com cinco institui\u00e7\u00f5es de ensino superior, quatro escolas t\u00e9cnicas, dois teatros, uma biblioteca p\u00fablica, vinte e tr\u00eas museus, um aeroporto e um porto localizado \u00e0s margens do Canal S\u00e3o Gon\u00e7alo.<\/p>\n","protected":false},"excerpt":{"rendered":"<p>Foto: Pra\u00e7a Coronel Pedro Os\u00f3rio, Pelotas, Brasil. Fonte: Portella. Embora nosso Congresso seja totalmente online, aqui colocamos algumas informa\u00e7\u00f5es sobre a cidade de Pelotas no Brasil, onde se localiza a Universidade Federal de Pelotas, para que voc\u00ea conhe\u00e7a um pouquinho da nossa cultura e venha nos visitar quando a pandemia terminar. Pelotas\u00a0\u00e9 uma cidade na &hellip; <\/p>\n<p class=\"link-more\"><a href=\"https:\/\/wp.ufpel.edu.br\/3ciecit\/pt\/pelotas\/\" class=\"more-link\">Continue lendo<span class=\"screen-reader-text\"> &#8220;Pelotas&#8221;<\/span><\/a><\/p>\n","protected":false},"author":956,"featured_media":0,"parent":0,"menu_order":0,"comment_status":"closed","ping_status":"closed","template":"","meta":{"footnotes":""},"class_list":["post-207","page","type-page","status-publish","hentry"],"_links":{"self":[{"href":"https:\/\/wp.ufpel.edu.br\/3ciecit\/wp-json\/wp\/v2\/pages\/207","targetHints":{"allow":["GET"]}}],"collection":[{"href":"https:\/\/wp.ufpel.edu.br\/3ciecit\/wp-json\/wp\/v2\/pages"}],"about":[{"href":"https:\/\/wp.ufpel.edu.br\/3ciecit\/wp-json\/wp\/v2\/types\/page"}],"author":[{"embeddable":true,"href":"https:\/\/wp.ufpel.edu.br\/3ciecit\/wp-json\/wp\/v2\/users\/956"}],"replies":[{"embeddable":true,"href":"https:\/\/wp.ufpel.edu.br\/3ciecit\/wp-json\/wp\/v2\/comments?post=207"}],"version-history":[{"count":4,"href":"https:\/\/wp.ufpel.edu.br\/3ciecit\/wp-json\/wp\/v2\/pages\/207\/revisions"}],"predecessor-version":[{"id":299,"href":"https:\/\/wp.ufpel.edu.br\/3ciecit\/wp-json\/wp\/v2\/pages\/207\/revisions\/299"}],"wp:attachment":[{"href":"https:\/\/wp.ufpel.edu.br\/3ciecit\/wp-json\/wp\/v2\/media?parent=207"}],"curies":[{"name":"wp","href":"https:\/\/api.w.org\/{rel}","templated":true}]}}