{"id":20,"date":"2021-04-08T14:47:02","date_gmt":"2021-04-08T17:47:02","guid":{"rendered":"https:\/\/wp.ufpel.edu.br\/3ciecit\/?page_id=20"},"modified":"2021-11-02T18:38:53","modified_gmt":"2021-11-02T21:38:53","slug":"programacao","status":"publish","type":"page","link":"https:\/\/wp.ufpel.edu.br\/3ciecit\/pt\/programacao\/","title":{"rendered":"Programa\u00e7\u00e3o"},"content":{"rendered":"<h2 style=\"text-align: justify\"><span style=\"color: #808080\"><strong><a href=\"https:\/\/wp.ufpel.edu.br\/3ciecit\/files\/2021\/11\/Programa-Apresentacoes-Trabalhos.pdf\"><span style=\"color: #ff6600\">Clique aqui<\/span><\/a> para a programa\u00e7\u00e3o das sess\u00f5es de Apresenta\u00e7\u00f5es de Trabalho.<\/strong><\/span><\/h2>\n<h2 style=\"text-align: justify\"><span style=\"color: #ff6600\"><strong>3 de Novembro de 2021<\/strong><\/span><\/h2>\n<p style=\"text-align: justify\"><span style=\"color: #808080\"><strong>10:00:<\/strong> <strong>Cerim\u00f4nia de Abertura com os coordenadores do evento.<\/strong><\/span><\/p>\n<p style=\"text-align: justify\"><span style=\"color: #808080\"><strong>10:45 \u2013 12:00:<\/strong> <strong>Palestra Inaugural com a Professora Dra. Maria Assun\u00e7\u00e3o Gato. <\/strong><\/span><span style=\"color: #808080\">Repensar o Turismo Urbano Depois da Pandemia: Reflex\u00f5es a partir de Lisboa. <\/span><span style=\"color: #808080\">Instituto Universit\u00e1rio de Lisboa \u2013 Portugal.<\/span><\/p>\n<p style=\"text-align: justify\"><span style=\"color: #808080\"><strong>13:45 \u2013 16:00:<\/strong> <strong>Apresenta\u00e7\u00f5es de Trabalhos.<\/strong><\/span><\/p>\n<p style=\"text-align: justify\"><span style=\"color: #808080\"><strong>16:00 \u2013 18:00:<\/strong> <strong>Palestra com o Prof. Edgar Eduardo Roa Castillo. <\/strong>Cidade, sociedade e medo: o impacto dos territ\u00f3rios do medo nas cidades e em suas rela\u00e7\u00f5es sociais<\/span><span style=\"color: #808080\">. <\/span><span style=\"color: #808080\">Universidad La Gran Colombia \u2013 Col\u00f4mbia.<\/span><\/p>\n<p style=\"text-align: justify\"><span style=\"color: #808080\"><strong>18:00 \u2013 19:30:<\/strong> <strong>Palestra com o Prof. Dr. Jos\u00e9 Cabral Filho. <\/strong><\/span><span style=\"color: #808080\">Por um fundamento er\u00f3tico para a cibern\u00e9tica: desejo e cultura brasileira. <\/span><span style=\"color: #808080\">Universidade Federal de Minas Gerais, Brasil.<\/span><\/p>\n<h2 style=\"text-align: justify\"><span style=\"color: #ff6600\"><strong>4 de Novembro de 2021<\/strong><\/span><\/h2>\n<p style=\"text-align: justify\"><strong><span style=\"color: #808080\">9:00 \u2013 12:00: Apresenta\u00e7\u00f5es de Trabalhos.<\/span><\/strong><\/p>\n<p style=\"text-align: justify\"><strong><span style=\"color: #808080\">13:45 \u2013 18:00: Apresenta\u00e7\u00f5es de Trabalhos.<\/span><\/strong><\/p>\n<p style=\"text-align: justify\"><strong><span style=\"color: #808080\">18:00 \u2013 19:30: Palestra com o Prof. Dr. Romeu da Silva Vicente. <\/span><\/strong><span style=\"color: #808080\">Desafios e Tend\u00eancias para um edificado mais sustent\u00e1vel e dur\u00e1vel. <\/span><span style=\"color: #808080\">Universidade de Aveiro \u2013 Portugal.<\/span><\/p>\n<h2 style=\"text-align: justify\"><span style=\"color: #ff6600\"><strong>5 de Novembro de 2021<\/strong><\/span><\/h2>\n<p style=\"text-align: justify\"><strong><span style=\"color: #808080\">9:00 \u2013 12:00: Apresenta\u00e7\u00f5es de Trabalhos.<\/span><\/strong><\/p>\n<p style=\"text-align: justify\"><strong><span style=\"color: #808080\">13:45 \u2013 18:00: Apresenta\u00e7\u00f5es de Trabalhos.<\/span><\/strong><\/p>\n<p style=\"text-align: justify\"><strong><span style=\"color: #808080\">18:00 \u2013 19:30: Palestra com o Prof. Dr. Crist\u00f3bal Bravo Ferretti. <\/span><\/strong><span style=\"color: #808080\">Compreender a identidade do lugar nos processos contempor\u00e2neos de mobilidade<\/span><span style=\"color: #808080\">. <\/span><span style=\"color: #808080\">Universidade de B\u00edo-B\u00edo \u2013 Chile.<\/span><\/p>\n<p style=\"text-align: justify\"><strong><span style=\"color: #808080\">19:30 \u2013 20:00: Cerim\u00f4nia de Encerramento com os coordenadores do evento.<\/span><\/strong><\/p>\n","protected":false},"excerpt":{"rendered":"<p>Clique aqui para a programa\u00e7\u00e3o das sess\u00f5es de Apresenta\u00e7\u00f5es de Trabalho. 3 de Novembro de 2021 10:00: Cerim\u00f4nia de Abertura com os coordenadores do evento. 10:45 \u2013 12:00: Palestra Inaugural com a Professora Dra. Maria Assun\u00e7\u00e3o Gato. Repensar o Turismo Urbano Depois da Pandemia: Reflex\u00f5es a partir de Lisboa. Instituto Universit\u00e1rio de Lisboa \u2013 Portugal. &hellip; <\/p>\n<p class=\"link-more\"><a href=\"https:\/\/wp.ufpel.edu.br\/3ciecit\/pt\/programacao\/\" class=\"more-link\">Continue lendo<span class=\"screen-reader-text\"> &#8220;Programa\u00e7\u00e3o&#8221;<\/span><\/a><\/p>\n","protected":false},"author":956,"featured_media":0,"parent":0,"menu_order":0,"comment_status":"closed","ping_status":"closed","template":"","meta":{"footnotes":""},"class_list":["post-20","page","type-page","status-publish","hentry"],"_links":{"self":[{"href":"https:\/\/wp.ufpel.edu.br\/3ciecit\/wp-json\/wp\/v2\/pages\/20","targetHints":{"allow":["GET"]}}],"collection":[{"href":"https:\/\/wp.ufpel.edu.br\/3ciecit\/wp-json\/wp\/v2\/pages"}],"about":[{"href":"https:\/\/wp.ufpel.edu.br\/3ciecit\/wp-json\/wp\/v2\/types\/page"}],"author":[{"embeddable":true,"href":"https:\/\/wp.ufpel.edu.br\/3ciecit\/wp-json\/wp\/v2\/users\/956"}],"replies":[{"embeddable":true,"href":"https:\/\/wp.ufpel.edu.br\/3ciecit\/wp-json\/wp\/v2\/comments?post=20"}],"version-history":[{"count":6,"href":"https:\/\/wp.ufpel.edu.br\/3ciecit\/wp-json\/wp\/v2\/pages\/20\/revisions"}],"predecessor-version":[{"id":688,"href":"https:\/\/wp.ufpel.edu.br\/3ciecit\/wp-json\/wp\/v2\/pages\/20\/revisions\/688"}],"wp:attachment":[{"href":"https:\/\/wp.ufpel.edu.br\/3ciecit\/wp-json\/wp\/v2\/media?parent=20"}],"curies":[{"name":"wp","href":"https:\/\/api.w.org\/{rel}","templated":true}]}}