{"id":2132,"date":"2025-09-28T15:53:24","date_gmt":"2025-09-28T18:53:24","guid":{"rendered":"https:\/\/wp.ufpel.edu.br\/30encontroasphe\/?page_id=2132"},"modified":"2025-09-28T16:46:53","modified_gmt":"2025-09-28T19:46:53","slug":"assembleia-da-asphe","status":"publish","type":"page","link":"https:\/\/wp.ufpel.edu.br\/30encontroasphe\/assembleia-da-asphe\/","title":{"rendered":"Assembleia da Asphe"},"content":{"rendered":"<h3 class=\"wp-block-heading has-kb-palette-5-color has-text-color has-link-color wp-elements-529fdb462b1ef2f8d9c3231e198ab250\"><strong>03 de outubro de 2025 (sexta-feira)<\/strong><\/h3>\n<h4 class=\"wp-block-heading has-kb-palette-5-color has-text-color has-link-color wp-elements-b5aa413d829bfbc4a931ebea287ce055\"><strong>MANH\u00c3<\/strong><\/h4>\n<p><strong>Local:<\/strong>\u00a0Audit\u00f3rio do CEHUS (Centro de P\u00f3s-Gradua\u00e7\u00e3o e Pesquisa em Ci\u00eancias Humanas, Sociais, Sociais Aplicadas, Artes e Linguagem) \/ UFPel (R. Cel. Alberto Rosa, 117 \u2013 Centro, Pelotas\/RS)<\/p>\n<p><strong>08:30 \u2013 10:15 \u2013<\/strong> Assembleia da Asphe<br \/><br \/><\/p>\n<div>\n<p>Aos associados da ASPHE,<\/p>\n<p>Em conformidade com as atribui\u00e7\u00f5es estatut\u00e1rias, a Diretoria da Associa\u00e7\u00e3o Sul-Rio-Grandense de Pesquisadores em Hist\u00f3ria da Educa\u00e7\u00e3o (ASPHE) encaminha, em anexo, a convocat\u00f3ria para a Assembleia Geral Ordin\u00e1ria.<\/p>\n<p>Atenciosamente,<\/p>\n<p>Fernando Cezar Ripe da Cruz &#8211; Presidente da Asphe<\/p>\n<\/div>\n<p>Jos\u00e9 Edimar de Souza &#8211; Vice-presidente da Asphe<\/p>\n<p>Marcos Luiz Hinterholz &#8211; Secret\u00e1rio Geral da Asphe<\/p>\n<div><span style=\"font-family: arial, sans-serif;\">\u00a0<\/span><\/div>\n<div><hr \/><\/div>\n<p><img loading=\"lazy\" decoding=\"async\" class=\"alignnone wp-image-2134 size-large\" src=\"https:\/\/wp.ufpel.edu.br\/30encontroasphe\/files\/2025\/09\/Convocatoria_Assembleia_2025_ASPHE-724x1024.jpg\" alt=\"\" width=\"720\" height=\"1018\" srcset=\"https:\/\/wp.ufpel.edu.br\/30encontroasphe\/files\/2025\/09\/Convocatoria_Assembleia_2025_ASPHE-724x1024.jpg 724w, https:\/\/wp.ufpel.edu.br\/30encontroasphe\/files\/2025\/09\/Convocatoria_Assembleia_2025_ASPHE-283x400.jpg 283w, https:\/\/wp.ufpel.edu.br\/30encontroasphe\/files\/2025\/09\/Convocatoria_Assembleia_2025_ASPHE-768x1086.jpg 768w, https:\/\/wp.ufpel.edu.br\/30encontroasphe\/files\/2025\/09\/Convocatoria_Assembleia_2025_ASPHE-1086x1536.jpg 1086w, https:\/\/wp.ufpel.edu.br\/30encontroasphe\/files\/2025\/09\/Convocatoria_Assembleia_2025_ASPHE-1448x2048.jpg 1448w, https:\/\/wp.ufpel.edu.br\/30encontroasphe\/files\/2025\/09\/Convocatoria_Assembleia_2025_ASPHE-scaled.jpg 1810w\" sizes=\"auto, (max-width: 720px) 100vw, 720px\" \/><\/p>\n<hr \/>\n\n\n<p><\/p>\n","protected":false},"excerpt":{"rendered":"<p>03 de outubro de 2025 (sexta-feira) MANH\u00c3 Local:\u00a0Audit\u00f3rio do CEHUS (Centro de P\u00f3s-Gradua\u00e7\u00e3o e Pesquisa em Ci\u00eancias Humanas, Sociais, Sociais Aplicadas, Artes e Linguagem) \/ UFPel (R. Cel. Alberto Rosa, 117 \u2013 Centro, Pelotas\/RS) 08:30 \u2013 10:15 \u2013 Assembleia da Asphe Aos associados da ASPHE, Em conformidade com as atribui\u00e7\u00f5es estatut\u00e1rias, a Diretoria da Associa\u00e7\u00e3o [&hellip;]<\/p>\n","protected":false},"author":1421,"featured_media":0,"parent":0,"menu_order":0,"comment_status":"closed","ping_status":"closed","template":"","meta":{"footnotes":""},"class_list":["post-2132","page","type-page","status-publish","hentry","post"],"_links":{"self":[{"href":"https:\/\/wp.ufpel.edu.br\/30encontroasphe\/wp-json\/wp\/v2\/pages\/2132","targetHints":{"allow":["GET"]}}],"collection":[{"href":"https:\/\/wp.ufpel.edu.br\/30encontroasphe\/wp-json\/wp\/v2\/pages"}],"about":[{"href":"https:\/\/wp.ufpel.edu.br\/30encontroasphe\/wp-json\/wp\/v2\/types\/page"}],"author":[{"embeddable":true,"href":"https:\/\/wp.ufpel.edu.br\/30encontroasphe\/wp-json\/wp\/v2\/users\/1421"}],"replies":[{"embeddable":true,"href":"https:\/\/wp.ufpel.edu.br\/30encontroasphe\/wp-json\/wp\/v2\/comments?post=2132"}],"version-history":[{"count":3,"href":"https:\/\/wp.ufpel.edu.br\/30encontroasphe\/wp-json\/wp\/v2\/pages\/2132\/revisions"}],"predecessor-version":[{"id":2147,"href":"https:\/\/wp.ufpel.edu.br\/30encontroasphe\/wp-json\/wp\/v2\/pages\/2132\/revisions\/2147"}],"wp:attachment":[{"href":"https:\/\/wp.ufpel.edu.br\/30encontroasphe\/wp-json\/wp\/v2\/media?parent=2132"}],"curies":[{"name":"wp","href":"https:\/\/api.w.org\/{rel}","templated":true}]}}