{"id":29,"date":"2023-05-05T14:26:09","date_gmt":"2023-05-05T17:26:09","guid":{"rendered":"https:\/\/wp.ufpel.edu.br\/2siepes\/?page_id=29"},"modified":"2023-08-16T08:08:53","modified_gmt":"2023-08-16T11:08:53","slug":"programacao","status":"publish","type":"page","link":"https:\/\/wp.ufpel.edu.br\/2siepes\/programacao\/","title":{"rendered":"Programa\u00e7\u00e3o"},"content":{"rendered":"\n<h4 class=\"wp-block-heading\">16\/08 (Quarta-feira)<\/h4>\n\n\n\n<figure class=\"wp-block-table is-style-regular\"><table><tbody><tr><td><strong>CREDENCIAMENTO: <\/strong>A partir das 08:00, <a href=\"https:\/\/goo.gl\/maps\/PinnKWYzgm62Q73D8\" target=\"_blank\" rel=\"noreferrer noopener\">no hall de entrada do Audit\u00f3rio 2 do Centro de Artes \/ UFPel<\/a>.<br><br><strong>09:00 &#8211; ABERTURA<\/strong><br><br><strong>09:30 &#8211; Palestra 1<\/strong> <br><mark style=\"background-color:rgba(0, 0, 0, 0);color:#00bc1c\" class=\"has-inline-color\"><strong>Papel do Estado na Sustentabilidade e no incentivo \u00e0s a\u00e7\u00f5es de implementa\u00e7\u00e3o dos ODS <\/strong><\/mark><br>Palestrantes: Odir Antonio Dellagostin (FAPERGS), Marcio de Ara\u00fajo Pereira (FUNDECT\/MS) e Renel Prospere (SEMA)<br>Media\u00e7\u00e3o: \u00c2ngela Marinho (IFFAR)<br><br><strong>10:30 &#8211; Coffe break<\/strong><br><br><strong>11:00 &#8211; Palestra 2<\/strong><br><strong><mark style=\"background-color:rgba(0, 0, 0, 0);color:#00bc1c\" class=\"has-inline-color\">Ci\u00eancia e Pol\u00edticas p\u00fablicas na rela\u00e7\u00e3o com os ODS<\/mark><\/strong><br>Palestrante: Patrick Finazzi (Minist\u00e9rio do Meio ambiente)<br>Media\u00e7\u00e3o: Eraldo dos Santos Pinheiro (UFPel)<br><\/td><\/tr><tr><td><br><strong>14:00 &#8211; Apresenta\u00e7\u00e3o Art\u00edstica-Cultural<\/strong><br><strong><mark style=\"background-color:rgba(0, 0, 0, 0);color:#00bc1c\" class=\"has-inline-color\">&#8220;Choro: patrim\u00f4nio de Pelotas&#8221; <\/mark><\/strong><br>Projeto Encontros no Choro: Introdu\u00e7\u00e3o e Viv\u00eancia em parceria com o Projeto N\u00facleo de Choro da UFPel<br><br><strong>14:30 &#8211; Palestra 3<\/strong><br><mark style=\"background-color:rgba(0, 0, 0, 0);color:#00bc1c\" class=\"has-inline-color\"><strong>Abordagem integral institucional da sustentabilidade nas IES: como incorporar a sustentabilidade nas fun\u00e7\u00f5es das IES (ensino, pesquisa, extens\u00e3o, gest\u00e3o\/governan\u00e7a) e estabelecer parcerias para o fomento aos ODS.<\/strong><\/mark><br>Palestrante: Profa. Dra. Rosamaria Cox Moura Leite (UFMS)<br>Media\u00e7\u00e3o: Veridiana Krolow Bosenbecker (IFSul Pelotas)<br><br><strong>15:30 &#8211; Coffe break<\/strong><br><br><strong>16:00 &#8211; Palestra 4 <\/strong><br><strong><mark style=\"background-color:rgba(0, 0, 0, 0);color:#00bc1c\" class=\"has-inline-color\">Os ODS, Educa\u00e7\u00e3o Ambiental, Comunidade e extens\u00e3o.<\/mark><\/strong><br>Palestrante: Profa. Dra. M\u00e1rcia dos Santos Berreta (UERGS)<br>Media\u00e7\u00e3o:&nbsp; Simone Freire (FURG)<br><\/td><\/tr><tr><td><br><strong>19:00 &#8211; Palestra 5<\/strong><br><strong><mark style=\"background-color:rgba(0, 0, 0, 0);color:#00bc1c\" class=\"has-inline-color\">Educaci\u00f3n para la Sustentabilidad en las Instituciones de Educaci\u00f3n Superior de Am\u00e9rica Latina y el Caribe.<\/mark><\/strong><br>Palestrante: Prof. Dr. Orlando Saenz Zapata (ARIUSA\/ OSEAS-Alc)<br>Media\u00e7\u00e3o: Ursula Silva (UFPel)<br><\/td><\/tr><\/tbody><\/table><\/figure>\n\n\n\n<p><\/p>\n\n\n\n<h4 class=\"wp-block-heading\">17\/08 (Quinta-feira)<\/h4>\n\n\n\n<figure class=\"wp-block-table is-style-regular\"><table><tbody><tr><td><br><strong>9:00 &#8211; Reuni\u00e3o REGIES<\/strong><br><strong><mark style=\"background-color:rgba(0, 0, 0, 0);color:#00bc1c\" class=\"has-inline-color\">Forma\u00e7\u00e3o de Gestores &#8211; ODS 17 &#8211; Parcerias e Meios de Implementa\u00e7\u00e3o.<\/mark><\/strong><br>Media\u00e7\u00e3o: Rosamaria Leite (UFMS), com representantes de todas as IFES parceiras<br><\/td><\/tr><tr><td><br><strong>14:00 &#8211; Pain\u00e9is Interativos<\/strong><br>\u00a0<br><strong>Painel 1: <\/strong><mark style=\"background-color:rgba(0, 0, 0, 0);color:#00bc1c\" class=\"has-inline-color\"><strong>A \u00e1gua como elemento de integra\u00e7\u00e3o pol\u00edtica, social e econ\u00f4mica no \u00e2mbito do desenvolvimento sustent\u00e1vel.<\/strong><\/mark><br>George Marino Soares Gon\u00e7alves<br>Local: Audit\u00f3rio 2 &#8211; Centro de Artes\/UFPel<br>\u00a0<br><strong>Painel 2:\u00a0<\/strong> <strong><mark style=\"background-color:rgba(0, 0, 0, 0);color:#00bc1c\" class=\"has-inline-color\">Geodiversidade e Geoparques: \u00e2ncoras para o desenvolvimento sustent\u00e1vel<\/mark><\/strong><br>Adriano Simons (UFPel)<br>Local: Audit\u00f3rio 1 &#8211; Centro de Artes\/UFPel<br>\u00a0<br><strong>Painel 3:<\/strong> <strong><mark style=\"background-color:rgba(0, 0, 0, 0);color:#00bc1c\" class=\"has-inline-color\">Efici\u00eancia Energ\u00e9tica nas edifica\u00e7\u00f5es P\u00fablicas<\/mark><\/strong> <br>Tec. Antonio Carlos de Freitas Cleff; Prof. Antonio Cesar Silveira Baptista da Silva; Prof. Eduardo Grala da Cunha; Eng. Liader da Silva Oliveira (FAURB\/UFPel)<br>Sala 410 &#8211; Centro de Artes\/UFPel<br>\u00a0<br><strong>Painel 4:\u00a0<\/strong> <strong><mark style=\"background-color:rgba(0, 0, 0, 0);color:#00bc1c\" class=\"has-inline-color\">Constru\u00e7\u00e3o X Vegeta\u00e7\u00e3o: A viabilidade da produ\u00e7\u00e3o de alimentos sobre coberturas, no \u00e2mbito do projeto capes print da UFPel.<\/mark><\/strong> <br>Celina Maria Britto Corr\u00eaa (UFPel)<br>Sala 314 &#8211; Centro de Artes\/UFPel<br>\u00a0\u00a0<br><strong>Painel 5:<\/strong> <strong><mark style=\"background-color:rgba(0, 0, 0, 0);color:#00bc1c\" class=\"has-inline-color\">ODS 11 Cidades e Sustentabilidade: o desenvolvimento humano e a transforma\u00e7\u00e3o do territ\u00f3rio em foco.<\/mark><\/strong><br>Angela Maria Andrade Marinho; Luciana Dalla Nora dos Santos; Adriana Zamberlan (IFFAR)<br>Sala 510 &#8211; Centro de Artes\/UFPel<br><br><strong>Painel 6:\u00a0<\/strong> <strong><mark style=\"background-color:rgba(0, 0, 0, 0);color:#00bc1c\" class=\"has-inline-color\">Gest\u00e3o para a sustentabilidade: A implementa\u00e7\u00e3o do ODS 11 em evid\u00eancia.<\/mark><\/strong> <br>Raquel da Fonseca Holz (UFPel)<br>Sala 318 &#8211; Centro de Artes\/UFPel<br><\/td><\/tr><tr><td><br>Noite &#8211; Jantar por ades\u00e3o<br><\/td><\/tr><\/tbody><\/table><\/figure>\n\n\n\n<p><\/p>\n\n\n\n<h4 class=\"wp-block-heading\">18\/08 (Sexta-feira)<\/h4>\n\n\n\n<figure class=\"wp-block-table is-style-regular\"><table><tbody><tr><td><br><strong>09:00 &#8211; Palestra 6<\/strong><br><strong><mark style=\"background-color:rgba(0, 0, 0, 0);color:#00bc1c\" class=\"has-inline-color\">La Rochelle Universit\u00e9 e as pesquisas sobre meio ambiente<\/mark><\/strong><br>Palestrante: Magalie Flores-Lonjou (La Rochelle Universit\u00e9)<br>Media\u00e7\u00e3o: Ursula Silva (UFPel)<br><br><strong>10:00 &#8211; Coffe break<\/strong><br>&nbsp;<br><strong>10:30 &#8211; Palestra 7<\/strong><br><strong><mark style=\"background-color:rgba(0, 0, 0, 0);color:#00bc1c\" class=\"has-inline-color\">O Papel Pivotal dos ODS para Reconfigurar os Sistemas Alimentares&nbsp;no&nbsp;S\u00e9culo&nbsp;21<\/mark><\/strong><br>Palestrantes: Sergio Schneider (UFRGS), Samanta Madruga (UFPel) e Deputada Maria do Ros\u00e1rio (Representante da C\u00e2mara dos Deputados)<br>Media\u00e7\u00e3o: Renata Moraes Bielemann (UFPel)<br><\/td><\/tr><tr><td><br><strong>14:00 &#8211; Reuni\u00e3o encerramento REGIES<\/strong> (representantes das IES)<br><strong><mark style=\"background-color:rgba(0, 0, 0, 0);color:#00bc1c\" class=\"has-inline-color\">&nbsp;ODS da teoria \u00e0 pr\u00e1tica:<\/mark><\/strong><br>          \u25cf Elabora\u00e7\u00e3o de Carta do segundo REGIES<br>          \u25cf Cria\u00e7\u00e3o do logo<br>          \u25cf&nbsp;Observat\u00f3rio Ga\u00facho de Sustentabilidade<br><\/td><\/tr><\/tbody><\/table><\/figure>\n","protected":false},"excerpt":{"rendered":"<p>16\/08 (Quarta-feira) CREDENCIAMENTO: A partir das 08:00, no hall de entrada do Audit\u00f3rio 2 do Centro de Artes \/ UFPel. 09:00 &#8211; ABERTURA 09:30 &#8211; Palestra 1 Papel do Estado na Sustentabilidade e no incentivo \u00e0s a\u00e7\u00f5es de implementa\u00e7\u00e3o dos ODS Palestrantes: Odir Antonio Dellagostin (FAPERGS), Marcio de Ara\u00fajo Pereira (FUNDECT\/MS) e Renel Prospere (SEMA)Media\u00e7\u00e3o: &hellip; <a href=\"https:\/\/wp.ufpel.edu.br\/2siepes\/programacao\/\" class=\"more-link\">Continue lendo <span class=\"screen-reader-text\">Programa\u00e7\u00e3o<\/span> <span class=\"meta-nav\">&rarr;<\/span><\/a><\/p>\n","protected":false},"author":1297,"featured_media":0,"parent":0,"menu_order":0,"comment_status":"closed","ping_status":"closed","template":"","meta":{"footnotes":""},"class_list":["post-29","page","type-page","status-publish","hentry"],"jetpack_sharing_enabled":true,"_links":{"self":[{"href":"https:\/\/wp.ufpel.edu.br\/2siepes\/wp-json\/wp\/v2\/pages\/29","targetHints":{"allow":["GET"]}}],"collection":[{"href":"https:\/\/wp.ufpel.edu.br\/2siepes\/wp-json\/wp\/v2\/pages"}],"about":[{"href":"https:\/\/wp.ufpel.edu.br\/2siepes\/wp-json\/wp\/v2\/types\/page"}],"author":[{"embeddable":true,"href":"https:\/\/wp.ufpel.edu.br\/2siepes\/wp-json\/wp\/v2\/users\/1297"}],"replies":[{"embeddable":true,"href":"https:\/\/wp.ufpel.edu.br\/2siepes\/wp-json\/wp\/v2\/comments?post=29"}],"version-history":[{"count":31,"href":"https:\/\/wp.ufpel.edu.br\/2siepes\/wp-json\/wp\/v2\/pages\/29\/revisions"}],"predecessor-version":[{"id":264,"href":"https:\/\/wp.ufpel.edu.br\/2siepes\/wp-json\/wp\/v2\/pages\/29\/revisions\/264"}],"wp:attachment":[{"href":"https:\/\/wp.ufpel.edu.br\/2siepes\/wp-json\/wp\/v2\/media?parent=29"}],"curies":[{"name":"wp","href":"https:\/\/api.w.org\/{rel}","templated":true}]}}