{"id":19,"date":"2023-05-05T14:19:21","date_gmt":"2023-05-05T17:19:21","guid":{"rendered":"https:\/\/wp.ufpel.edu.br\/2siepes\/?page_id=19"},"modified":"2023-09-12T10:12:41","modified_gmt":"2023-09-12T13:12:41","slug":"apresentacao","status":"publish","type":"page","link":"https:\/\/wp.ufpel.edu.br\/2siepes\/","title":{"rendered":""},"content":{"rendered":"\n<h3 class=\"wp-block-heading has-text-align-center has-text-color\" style=\"color:#777777\"><strong><em><mark style=\"background-color:rgba(0, 0, 0, 0);color:#232644\" class=\"has-inline-color\">2\u02da Semin\u00e1rio Internacional de Extens\u00e3o, Pesquisa e Educa\u00e7\u00e3o para a Sustentabilidade (SIEPES)<\/mark><\/em><\/strong><\/h3>\n\n\n\n<div style=\"height:20px\" aria-hidden=\"true\" class=\"wp-block-spacer\"><\/div>\n\n\n\n<h3 class=\"wp-block-heading\"><strong><mark style=\"background-color:rgba(0, 0, 0, 0);color:#3e9e41\" class=\"has-inline-color\">PALESTRAS:<\/mark><\/strong><\/h3>\n\n\n\n<figure class=\"wp-block-embed is-type-video is-provider-youtube wp-block-embed-youtube wp-embed-aspect-16-9 wp-has-aspect-ratio\"><div class=\"wp-block-embed__wrapper\">\n<iframe loading=\"lazy\" title=\"Palestra Inicial 2\u00aa SIEPES\" width=\"604\" height=\"340\" src=\"https:\/\/www.youtube.com\/embed\/jymsr91RSBI?feature=oembed\" frameborder=\"0\" allow=\"accelerometer; autoplay; clipboard-write; encrypted-media; gyroscope; picture-in-picture; web-share\" referrerpolicy=\"strict-origin-when-cross-origin\" allowfullscreen><\/iframe>\n<\/div><\/figure>\n\n\n\n<figure class=\"wp-block-embed is-type-video is-provider-youtube wp-block-embed-youtube wp-embed-aspect-16-9 wp-has-aspect-ratio\"><div class=\"wp-block-embed__wrapper\">\n<iframe loading=\"lazy\" title=\"SIEPES - Apresent. Art\u00edstica + Palestra: Abordagem integral institucional de sustentabilidade na IES\" width=\"604\" height=\"340\" src=\"https:\/\/www.youtube.com\/embed\/3VzLKShAOTg?feature=oembed\" frameborder=\"0\" allow=\"accelerometer; autoplay; clipboard-write; encrypted-media; gyroscope; picture-in-picture; web-share\" referrerpolicy=\"strict-origin-when-cross-origin\" allowfullscreen><\/iframe>\n<\/div><\/figure>\n\n\n\n<figure class=\"wp-block-embed is-type-video is-provider-youtube wp-block-embed-youtube wp-embed-aspect-16-9 wp-has-aspect-ratio\"><div class=\"wp-block-embed__wrapper\">\n<iframe loading=\"lazy\" title=\"SIEPES - Os ODS, Educa\u00e7\u00e3o Ambiental, Comunidade e Extens\u00e3o\" width=\"604\" height=\"340\" src=\"https:\/\/www.youtube.com\/embed\/KS291l0CCDE?feature=oembed\" frameborder=\"0\" allow=\"accelerometer; autoplay; clipboard-write; encrypted-media; gyroscope; picture-in-picture; web-share\" referrerpolicy=\"strict-origin-when-cross-origin\" allowfullscreen><\/iframe>\n<\/div><\/figure>\n\n\n\n<figure class=\"wp-block-embed is-type-video is-provider-youtube wp-block-embed-youtube wp-embed-aspect-16-9 wp-has-aspect-ratio\"><div class=\"wp-block-embed__wrapper\">\n<iframe loading=\"lazy\" title=\"SIEPES - Educa\u00e7\u00e3o Superior: Contribui\u00e7\u00f5es e desafios para aplicabilidade nas ODS\" width=\"604\" height=\"340\" src=\"https:\/\/www.youtube.com\/embed\/hzLeRSdFvcQ?feature=oembed\" frameborder=\"0\" allow=\"accelerometer; autoplay; clipboard-write; encrypted-media; gyroscope; picture-in-picture; web-share\" referrerpolicy=\"strict-origin-when-cross-origin\" allowfullscreen><\/iframe>\n<\/div><\/figure>\n\n\n\n<figure class=\"wp-block-embed is-type-video is-provider-youtube wp-block-embed-youtube wp-embed-aspect-16-9 wp-has-aspect-ratio\"><div class=\"wp-block-embed__wrapper\">\n<iframe loading=\"lazy\" title=\"SIEPES - La Rochelle Universit\u00e8 e as pesquisas sobre meio ambiente\" width=\"604\" height=\"340\" src=\"https:\/\/www.youtube.com\/embed\/ZysuGDwJMr4?feature=oembed\" frameborder=\"0\" allow=\"accelerometer; autoplay; clipboard-write; encrypted-media; gyroscope; picture-in-picture; web-share\" referrerpolicy=\"strict-origin-when-cross-origin\" allowfullscreen><\/iframe>\n<\/div><\/figure>\n\n\n\n<figure class=\"wp-block-embed is-type-video is-provider-youtube wp-block-embed-youtube wp-embed-aspect-16-9 wp-has-aspect-ratio\"><div class=\"wp-block-embed__wrapper\">\n<iframe loading=\"lazy\" title=\"SIEPES - O Papel Pivotal das ODS para reconfigurar os Sistemas Alimentares dos S\u00e9culo XXI\" width=\"604\" height=\"340\" src=\"https:\/\/www.youtube.com\/embed\/zRB-e0Qj7Io?feature=oembed\" frameborder=\"0\" allow=\"accelerometer; autoplay; clipboard-write; encrypted-media; gyroscope; picture-in-picture; web-share\" referrerpolicy=\"strict-origin-when-cross-origin\" allowfullscreen><\/iframe>\n<\/div><\/figure>\n\n\n\n<div style=\"height:20px\" aria-hidden=\"true\" class=\"wp-block-spacer\"><\/div>\n\n\n\n<h3 class=\"wp-block-heading\"><strong><mark style=\"background-color:rgba(0, 0, 0, 0);color:#3e9e41\" class=\"has-inline-color\">CERTIFICADOS:<\/mark><\/strong><\/h3>\n\n\n\n<h6 class=\"wp-block-heading\">Est\u00e3o dispon\u00edveis os certificados de participa\u00e7\u00e3o no evento!<\/h6>\n\n\n\n<p><strong><a href=\"https:\/\/cobalto.ufpel.edu.br\/portal\/consultas\/eventoPublico\">CLIQUE AQUI<\/a><\/strong> para acessar o download de certificados no sistema COBALTO.<br>Na tela seguinte, informe seu <strong>CPF<\/strong> (ou documento estrangeiro) e o <strong>e-mail utilizado na inscri\u00e7\u00e3o do evento.<\/strong><\/p>\n\n\n\n<p><\/p>\n\n\n\n<div style=\"height:20px\" aria-hidden=\"true\" class=\"wp-block-spacer\"><\/div>\n\n\n\n<div style=\"height:20px\" aria-hidden=\"true\" class=\"wp-block-spacer\"><\/div>\n\n\n<div class=\"wp-block-image\">\n<figure class=\"aligncenter size-large\"><img loading=\"lazy\" decoding=\"async\" width=\"1024\" height=\"206\" src=\"https:\/\/wp.ufpel.edu.br\/2siepes\/files\/2023\/08\/Captura-de-tela-2023-08-11-101007-1024x206.png\" alt=\"\" class=\"wp-image-251\" srcset=\"https:\/\/wp.ufpel.edu.br\/2siepes\/files\/2023\/08\/Captura-de-tela-2023-08-11-101007-1024x206.png 1024w, https:\/\/wp.ufpel.edu.br\/2siepes\/files\/2023\/08\/Captura-de-tela-2023-08-11-101007-400x81.png 400w, https:\/\/wp.ufpel.edu.br\/2siepes\/files\/2023\/08\/Captura-de-tela-2023-08-11-101007-768x155.png 768w, https:\/\/wp.ufpel.edu.br\/2siepes\/files\/2023\/08\/Captura-de-tela-2023-08-11-101007.png 1083w\" sizes=\"auto, (max-width: 1024px) 100vw, 1024px\" \/><\/figure>\n<\/div>","protected":false},"excerpt":{"rendered":"<p>2\u02da Semin\u00e1rio Internacional de Extens\u00e3o, Pesquisa e Educa\u00e7\u00e3o para a Sustentabilidade (SIEPES) PALESTRAS: CERTIFICADOS: Est\u00e3o dispon\u00edveis os certificados de participa\u00e7\u00e3o no evento! CLIQUE AQUI para acessar o download de certificados no sistema COBALTO.Na tela seguinte, informe seu CPF (ou documento estrangeiro) e o e-mail utilizado na inscri\u00e7\u00e3o do evento.<\/p>\n","protected":false},"author":1297,"featured_media":0,"parent":0,"menu_order":0,"comment_status":"closed","ping_status":"closed","template":"","meta":{"footnotes":""},"class_list":["post-19","page","type-page","status-publish","hentry"],"jetpack_sharing_enabled":true,"_links":{"self":[{"href":"https:\/\/wp.ufpel.edu.br\/2siepes\/wp-json\/wp\/v2\/pages\/19","targetHints":{"allow":["GET"]}}],"collection":[{"href":"https:\/\/wp.ufpel.edu.br\/2siepes\/wp-json\/wp\/v2\/pages"}],"about":[{"href":"https:\/\/wp.ufpel.edu.br\/2siepes\/wp-json\/wp\/v2\/types\/page"}],"author":[{"embeddable":true,"href":"https:\/\/wp.ufpel.edu.br\/2siepes\/wp-json\/wp\/v2\/users\/1297"}],"replies":[{"embeddable":true,"href":"https:\/\/wp.ufpel.edu.br\/2siepes\/wp-json\/wp\/v2\/comments?post=19"}],"version-history":[{"count":51,"href":"https:\/\/wp.ufpel.edu.br\/2siepes\/wp-json\/wp\/v2\/pages\/19\/revisions"}],"predecessor-version":[{"id":398,"href":"https:\/\/wp.ufpel.edu.br\/2siepes\/wp-json\/wp\/v2\/pages\/19\/revisions\/398"}],"wp:attachment":[{"href":"https:\/\/wp.ufpel.edu.br\/2siepes\/wp-json\/wp\/v2\/media?parent=19"}],"curies":[{"name":"wp","href":"https:\/\/api.w.org\/{rel}","templated":true}]}}