{"id":78,"date":"2014-02-19T11:41:45","date_gmt":"2014-02-19T14:41:45","guid":{"rendered":"https:\/\/wp.ufpel.edu.br\/24framesdeliteratura\/?page_id=78"},"modified":"2015-03-17T14:16:53","modified_gmt":"2015-03-17T17:16:53","slug":"livros-teoricos","status":"publish","type":"page","link":"https:\/\/wp.ufpel.edu.br\/24framesdeliteratura\/livros-teoricos\/","title":{"rendered":"Livros te\u00f3ricos"},"content":{"rendered":"<p>A lista a seguir comporta alguns t\u00edtulos que podem ser \u00fateis no trabalho de an\u00e1lise de obras liter\u00e1rias e cinematogr\u00e1ficas; aos poucos mais nomes ir\u00e3o se agregar a essa lista. Tem algum livro que n\u00e3o est\u00e1 nessa lista e voc\u00ea acha que deveria? <a title=\"Contato\" href=\"https:\/\/wp.ufpel.edu.br\/24framesdeliteratura\/contato\/\" target=\"_blank\">Envie-nos o nome<\/a>!<\/p>\n<ul>\n<li>BAKHTIN, Michael. <em>A est\u00e9tica da cria\u00e7\u00e3o verbal<\/em>. S\u00e3o Paulo: Martins Fontes, 1997.<\/li>\n<li>BRITO, J. B. <i>Literatura no cinema<\/i>. Dispon\u00edvel em:&lt;http:\/\/imagensamadasdotcom.files.wordpress.com\/2011\/04\/literatura_no_cinema.pdf&gt; Acesso em:&lt;14 de novembro de 2013&gt;.<\/li>\n<li>CANDIDO, A. [et. al]. <i>A Personagem de Fic\u00e7\u00e3o<\/i>. S\u00e3o Paulo: Editora Perspectiva, 1968;<\/li>\n<li>DELEUZE, Gilles. <em>A imagem-movimento<\/em>. S\u00e3o Paulo: Editora Brasiliense, 1983.<\/li>\n<li>DINIZ, Tha\u00efs F. N. <i>Literatura e Cinema<\/i>: da semi\u00f3tica \u00e0 tradu\u00e7\u00e3o cultural. Belo Horizonte: Faculdade de Letras da UFMG, 1999;<\/li>\n<li><i>_____. Literatura e Cinema<\/i>: tradu\u00e7\u00e3o, hipertextualidade, reciclagem. Belo Horizonte: Faculdade de Letras da UFMG, 2005;<\/li>\n<li>ECO, Umberto.\u00a0 <em>Semi\u00f3tica e filosofia da linguagem<\/em>. Tradu\u00e7\u00e3o: M. Fabris e J. L. Fiorin. S\u00e3o Paulo; \u00c1tica, 1991.<\/li>\n<li>GANCHO, C\u00e2ndida V. <i>Como analisar narrativas<\/i>. \u2013 Dispon\u00edvel em:&lt;http:\/\/pt.scribd.com\/doc\/7391238\/Candida-Vilares-Gancho-Como-Analisar-Narrativas&gt; acesso em:&lt;12 de Fevereiro de 2013&gt;;<\/li>\n<li>MARTIN, Marcel. <em>A linguagem cinematogr\u00e1fica<\/em>. Lisboa: Dinalivro, 2005.<\/li>\n<li>TODOROV, T. <em>Introdu\u00e7\u00e3o \u00e0 Literatura Fant\u00e1stica<\/em>. Acesso em:&lt;http:\/\/static.recantodasletras.com.br\/arquivos\/2260559.pdf&gt; Acesso em:&lt;25 de fevereiro de 2014&gt;.<\/li>\n<\/ul>\n","protected":false},"excerpt":{"rendered":"<p>A lista a seguir comporta alguns t\u00edtulos que podem ser \u00fateis no trabalho de an\u00e1lise de obras liter\u00e1rias e cinematogr\u00e1ficas; aos poucos mais nomes ir\u00e3o se agregar a essa lista. Tem algum livro que n\u00e3o est\u00e1 nessa lista e voc\u00ea acha que deveria? Envie-nos o nome! BAKHTIN, Michael. A est\u00e9tica da cria\u00e7\u00e3o verbal. S\u00e3o Paulo: [&hellip;]<\/p>\n","protected":false},"author":355,"featured_media":0,"parent":0,"menu_order":0,"comment_status":"closed","ping_status":"closed","template":"","meta":{"jetpack_post_was_ever_published":false,"footnotes":""},"class_list":["post-78","page","type-page","status-publish","hentry"],"jetpack_sharing_enabled":true,"jetpack_shortlink":"https:\/\/wp.me\/P6QAvF-1g","_links":{"self":[{"href":"https:\/\/wp.ufpel.edu.br\/24framesdeliteratura\/wp-json\/wp\/v2\/pages\/78","targetHints":{"allow":["GET"]}}],"collection":[{"href":"https:\/\/wp.ufpel.edu.br\/24framesdeliteratura\/wp-json\/wp\/v2\/pages"}],"about":[{"href":"https:\/\/wp.ufpel.edu.br\/24framesdeliteratura\/wp-json\/wp\/v2\/types\/page"}],"author":[{"embeddable":true,"href":"https:\/\/wp.ufpel.edu.br\/24framesdeliteratura\/wp-json\/wp\/v2\/users\/355"}],"replies":[{"embeddable":true,"href":"https:\/\/wp.ufpel.edu.br\/24framesdeliteratura\/wp-json\/wp\/v2\/comments?post=78"}],"version-history":[{"count":7,"href":"https:\/\/wp.ufpel.edu.br\/24framesdeliteratura\/wp-json\/wp\/v2\/pages\/78\/revisions"}],"predecessor-version":[{"id":365,"href":"https:\/\/wp.ufpel.edu.br\/24framesdeliteratura\/wp-json\/wp\/v2\/pages\/78\/revisions\/365"}],"wp:attachment":[{"href":"https:\/\/wp.ufpel.edu.br\/24framesdeliteratura\/wp-json\/wp\/v2\/media?parent=78"}],"curies":[{"name":"wp","href":"https:\/\/api.w.org\/{rel}","templated":true}]}}

Livros teóricos

<p>A lista a seguir comporta alguns títulos que podem ser úteis no trabalho de análise de obras literárias e cinematográficas; aos poucos mais nomes irão se agregar a essa lista. Tem algum livro que não está nessa lista e você acha que deveria? <a title="Contato" href="https://wp.ufpel.edu.br/24framesdeliteratura/contato/" target="_blank">Envie-nos o nome</a>!</p>
<ul>
<li>BAKHTIN, Michael. <em>A estética da criação verbal</em>. São Paulo: Martins Fontes, 1997.</li>
<li>BRITO, J. B. <i>Literatura no cinema</i>. Disponível em:&lt;http://imagensamadasdotcom.files.wordpress.com/2011/04/literatura_no_cinema.pdf&gt; Acesso em:&lt;14 de novembro de 2013&gt;.</li>
<li>CANDIDO, A. [et. al]. <i>A Personagem de Ficção</i>. São Paulo: Editora Perspectiva, 1968;</li>
<li>DELEUZE, Gilles. <em>A imagem-movimento</em>. São Paulo: Editora Brasiliense, 1983.</li>
<li>DINIZ, Thaïs F. N. <i>Literatura e Cinema</i>: da semiótica à tradução cultural. Belo Horizonte: Faculdade de Letras da UFMG, 1999;</li>
<li><i>_____. Literatura e Cinema</i>: tradução, hipertextualidade, reciclagem. Belo Horizonte: Faculdade de Letras da UFMG, 2005;</li>
<li>ECO, Umberto.  <em>Semiótica e filosofia da linguagem</em>. Tradução: M. Fabris e J. L. Fiorin. São Paulo; Ática, 1991.</li>
<li>GANCHO, Cândida V. <i>Como analisar narrativas</i>. – Disponível em:&lt;http://pt.scribd.com/doc/7391238/Candida-Vilares-Gancho-Como-Analisar-Narrativas&gt; acesso em:&lt;12 de Fevereiro de 2013&gt;;</li>
<li>MARTIN, Marcel. <em>A linguagem cinematográfica</em>. Lisboa: Dinalivro, 2005.</li>
<li>TODOROV, T. <em>Introdução à Literatura Fantástica</em>. Acesso em:&lt;http://static.recantodasletras.com.br/arquivos/2260559.pdf&gt; Acesso em:&lt;25 de fevereiro de 2014&gt;.</li>
</ul>

<p>A lista a seguir comporta alguns títulos que podem ser úteis no trabalho de análise de obras literárias e cinematográficas; aos poucos mais nomes irão se agregar a essa lista. Tem algum livro que não está nessa lista e você acha que deveria? Envie-nos o nome! BAKHTIN, Michael. A estética da criação verbal. São Paulo: [&hellip;]</p>
