{"id":74,"date":"2014-02-19T11:20:51","date_gmt":"2014-02-19T14:20:51","guid":{"rendered":"https:\/\/wp.ufpel.edu.br\/24framesdeliteratura\/?page_id=74"},"modified":"2014-02-19T11:20:51","modified_gmt":"2014-02-19T14:20:51","slug":"artigos","status":"publish","type":"page","link":"https:\/\/wp.ufpel.edu.br\/24framesdeliteratura\/artigos\/","title":{"rendered":"Artigos"},"content":{"rendered":"<p>A lista a seguir comporta alguns artigos interessantes para quem quer conhecer um pouco mais sobre a an\u00e1lise de adapta\u00e7\u00f5es:<\/p>\n<ul>\n<li>BRITO, J. B. <i>O ponto de vista em cinema<\/i>. Graphos. Jo\u00e3o Pessoa, v. 9, n. 1, Jan.\/Jul.\/2007.<\/li>\n<li>CARDOSO, Lu\u00eds M. <i>A problem\u00e1tica do narrador<\/i>. Lumina &#8211; Juiz de Fora &#8211; Facom\/UFJF, v.6, n.1\/2, p. 57-72, jan.\/dez. 2003.<\/li>\n<li>STAM, Robert. <i>Teoria e pr\u00e1tica da adapta\u00e7\u00e3o<\/i>: da fidelidade \u00e0 intertextualidade. Ilha do Desterro: Florian\u00f3polis, n\u00ba 5, p. 019- 053, jul.\/dez. 2006.<\/li>\n<\/ul>\n","protected":false},"excerpt":{"rendered":"<p>A lista a seguir comporta alguns artigos interessantes para quem quer conhecer um pouco mais sobre a an\u00e1lise de adapta\u00e7\u00f5es: BRITO, J. B. O ponto de vista em cinema. Graphos. Jo\u00e3o Pessoa, v. 9, n. 1, Jan.\/Jul.\/2007. CARDOSO, Lu\u00eds M. A problem\u00e1tica do narrador. Lumina &#8211; Juiz de Fora &#8211; Facom\/UFJF, v.6, n.1\/2, p. 57-72, [&hellip;]<\/p>\n","protected":false},"author":355,"featured_media":0,"parent":0,"menu_order":0,"comment_status":"closed","ping_status":"closed","template":"","meta":{"jetpack_post_was_ever_published":false,"footnotes":""},"class_list":["post-74","page","type-page","status-publish","hentry"],"jetpack_sharing_enabled":true,"jetpack_shortlink":"https:\/\/wp.me\/P6QAvF-1c","_links":{"self":[{"href":"https:\/\/wp.ufpel.edu.br\/24framesdeliteratura\/wp-json\/wp\/v2\/pages\/74","targetHints":{"allow":["GET"]}}],"collection":[{"href":"https:\/\/wp.ufpel.edu.br\/24framesdeliteratura\/wp-json\/wp\/v2\/pages"}],"about":[{"href":"https:\/\/wp.ufpel.edu.br\/24framesdeliteratura\/wp-json\/wp\/v2\/types\/page"}],"author":[{"embeddable":true,"href":"https:\/\/wp.ufpel.edu.br\/24framesdeliteratura\/wp-json\/wp\/v2\/users\/355"}],"replies":[{"embeddable":true,"href":"https:\/\/wp.ufpel.edu.br\/24framesdeliteratura\/wp-json\/wp\/v2\/comments?post=74"}],"version-history":[{"count":1,"href":"https:\/\/wp.ufpel.edu.br\/24framesdeliteratura\/wp-json\/wp\/v2\/pages\/74\/revisions"}],"predecessor-version":[{"id":77,"href":"https:\/\/wp.ufpel.edu.br\/24framesdeliteratura\/wp-json\/wp\/v2\/pages\/74\/revisions\/77"}],"wp:attachment":[{"href":"https:\/\/wp.ufpel.edu.br\/24framesdeliteratura\/wp-json\/wp\/v2\/media?parent=74"}],"curies":[{"name":"wp","href":"https:\/\/api.w.org\/{rel}","templated":true}]}}