{"id":720,"date":"2018-05-07T10:51:19","date_gmt":"2018-05-07T13:51:19","guid":{"rendered":"https:\/\/wp.ufpel.edu.br\/24framesdeliteratura\/?page_id=720"},"modified":"2021-04-07T13:49:59","modified_gmt":"2021-04-07T16:49:59","slug":"equipe","status":"publish","type":"page","link":"https:\/\/wp.ufpel.edu.br\/24framesdeliteratura\/equipe\/","title":{"rendered":"Equipe"},"content":{"rendered":"<p>Criado em 2012 por Carlos Ossanes e C\u00e1ssia Benemann, o projeto \u00e9 desde ent\u00e3o promovido pelo Grupo de Pesquisa \u00cdCARO (CNPq\/UFPel), sob lideran\u00e7a do Prof. Dr. Jo\u00e3o Luis Pereira Ourique.<\/p>\n<p>S\u00e3o membros ativos do projeto:<\/p>\n<p>Carlos Ossanes (coordenador)<\/p>\n<p>Jo\u00e3o Luis Pereira Ourique (coordenador\/orientador)<\/p>\n<p>Julia Garcia (organizadora)<\/p>\n<p>&nbsp;<\/p>\n","protected":false},"excerpt":{"rendered":"<p>Criado em 2012 por Carlos Ossanes e C\u00e1ssia Benemann, o projeto \u00e9 desde ent\u00e3o promovido pelo Grupo de Pesquisa \u00cdCARO (CNPq\/UFPel), sob lideran\u00e7a do Prof. Dr. Jo\u00e3o Luis Pereira Ourique. S\u00e3o membros ativos do projeto: Carlos Ossanes (coordenador) Jo\u00e3o Luis Pereira Ourique (coordenador\/orientador) Julia Garcia (organizadora) &nbsp;<\/p>\n","protected":false},"author":355,"featured_media":0,"parent":0,"menu_order":0,"comment_status":"closed","ping_status":"closed","template":"","meta":{"jetpack_post_was_ever_published":false,"footnotes":""},"class_list":["post-720","page","type-page","status-publish","hentry"],"jetpack_sharing_enabled":true,"jetpack_shortlink":"https:\/\/wp.me\/P6QAvF-bC","_links":{"self":[{"href":"https:\/\/wp.ufpel.edu.br\/24framesdeliteratura\/wp-json\/wp\/v2\/pages\/720","targetHints":{"allow":["GET"]}}],"collection":[{"href":"https:\/\/wp.ufpel.edu.br\/24framesdeliteratura\/wp-json\/wp\/v2\/pages"}],"about":[{"href":"https:\/\/wp.ufpel.edu.br\/24framesdeliteratura\/wp-json\/wp\/v2\/types\/page"}],"author":[{"embeddable":true,"href":"https:\/\/wp.ufpel.edu.br\/24framesdeliteratura\/wp-json\/wp\/v2\/users\/355"}],"replies":[{"embeddable":true,"href":"https:\/\/wp.ufpel.edu.br\/24framesdeliteratura\/wp-json\/wp\/v2\/comments?post=720"}],"version-history":[{"count":2,"href":"https:\/\/wp.ufpel.edu.br\/24framesdeliteratura\/wp-json\/wp\/v2\/pages\/720\/revisions"}],"predecessor-version":[{"id":908,"href":"https:\/\/wp.ufpel.edu.br\/24framesdeliteratura\/wp-json\/wp\/v2\/pages\/720\/revisions\/908"}],"wp:attachment":[{"href":"https:\/\/wp.ufpel.edu.br\/24framesdeliteratura\/wp-json\/wp\/v2\/media?parent=720"}],"curies":[{"name":"wp","href":"https:\/\/api.w.org\/{rel}","templated":true}]}}

<p>Criado em 2012 por Carlos Ossanes e Cássia Benemann, o projeto é desde então promovido pelo Grupo de Pesquisa ÍCARO (CNPq/UFPel), sob liderança do Prof. Dr. João Luis Pereira Ourique.</p>
<p>São membros ativos do projeto:</p>
<p>Carlos Ossanes (coordenador)</p>
<p>João Luis Pereira Ourique (coordenador/orientador)</p>
<p>Julia Garcia (organizadora)</p>
<p>&nbsp;</p>

<p>Criado em 2012 por Carlos Ossanes e Cássia Benemann, o projeto é desde então promovido pelo Grupo de Pesquisa ÍCARO (CNPq/UFPel), sob liderança do Prof. Dr. João Luis Pereira Ourique. São membros ativos do projeto: Carlos Ossanes (coordenador) João Luis Pereira Ourique (coordenador/orientador) Julia Garcia (organizadora) &nbsp;</p>
