{"id":32,"date":"2022-11-20T10:16:40","date_gmt":"2022-11-20T13:16:40","guid":{"rendered":"https:\/\/wp.ufpel.edu.br\/100imagens\/?page_id=32"},"modified":"2024-12-10T10:32:48","modified_gmt":"2024-12-10T13:32:48","slug":"acoes","status":"publish","type":"page","link":"https:\/\/wp.ufpel.edu.br\/100imagens\/acoes\/","title":{"rendered":"a\u00e7\u00f5es"},"content":{"rendered":"<p><span style=\"font-size: 14pt;\"><strong><span style=\"font-family: helvetica, arial, sans-serif;\">Exposi\u00e7\u00e3o e Encontro Final do Projeto<\/span><\/strong><\/span><\/p>\n<p><span style=\"font-family: helvetica, arial, sans-serif;\">Encontro final reunindo todos os participantes do projeto com o autor Prof. Andrey Schlee. Coordena\u00e7\u00e3o: Eduardo Rocha, Fernanda Tomiello, Ricardo Brod e Daniele Luckow.\u00a0<\/span><\/p>\n<p><span style=\"font-size: 14pt;\"><strong><span style=\"font-family: helvetica, arial, sans-serif;\">Feira do Livro 2024<\/span><\/strong><\/span><\/p>\n<p><span style=\"font-family: helvetica, arial, sans-serif;\">A\u00e7\u00f5es de Educa\u00e7\u00e3o Patrimonial, durante a Feira do Livro e Mesa Redonda no Museu do Doce\/UFPel. Coordena\u00e7\u00e3o: Fernanda Tomiello e Daniele Luckow. Participantes: escolas, diversos estudantes e comunidade em geral.<\/span><\/p>\n<p><span style=\"font-size: 14pt;\"><strong><span style=\"font-family: helvetica, arial, sans-serif;\">Dia do Patrim\u00f4nio 2023<\/span><\/strong><\/span><\/p>\n<p><span style=\"font-family: helvetica, arial, sans-serif;\">Exposi\u00e7\u00f5es e atividades no Rex Hotel, Museu do Doce, Centro de Integra\u00e7\u00e3o do Mercosul e outras edifica\u00e7\u00f5es. Coordena\u00e7\u00e3o: Eduardo rocha, Fernanda Tomiello e Daniele Luckow. Participantes: diversos estudantes e comunidade em geral.<\/span><\/p>\n<p><span style=\"font-size: 14pt;\"><strong><span style=\"font-family: helvetica, arial, sans-serif;\">Entrevistas com os autores e colaboradores<\/span><\/strong><\/span><\/p>\n<p><span style=\"font-family: helvetica, arial, sans-serif;\">A disciplina de Requisitos Curriculares de Extens\u00e3o (RCE), da FAUrb\/UFPel, realizou entrevistas gravadas em v\u00eddeo com autores e colaboradores da primeira edi\u00e7\u00e3o do livro. Coordena\u00e7\u00e3o: Eduardo Rocha e Ot\u00e1vio Gigante.\u00a0<\/span><\/p>\n<p><span style=\"font-size: 14pt;\"><strong><span style=\"font-family: helvetica, arial, sans-serif;\">Roteiros das 100 imagens<\/span><\/strong><\/span><\/p>\n<p><span style=\"font-family: helvetica, arial, sans-serif;\">A disciplina de Requisitos Curriculares de Extens\u00e3o (RCE), da FAUrb\/UFPel, ir\u00e1 organizar e testar os roteiros para as a\u00e7\u00f5es do projeto. Coordena\u00e7\u00e3o: Eduardo Rocha.\u00a0<\/span><\/p>\n<p><span style=\"font-size: 14pt;\"><strong><span style=\"font-family: helvetica, arial, sans-serif;\">Caminhografias pelas 100 imagens &#8211; Teoria e Hist\u00f3ria I+Projeto I<\/span><\/strong><\/span><\/p>\n<p><span style=\"font-family: helvetica, arial, sans-serif;\">Os alunos, da disciplina de Teoria e Hist\u00f3ria I &#8211; arquitetura e urbanismo na contemporaneidade+Projeto de Arquitetura I, 2022\/2, em grupos ir\u00e3o experimentar os roteiros propostos, caminhando, mapeando e\u00a0 (re)fotografando as 100 imagens da arquitetura pelotense e a cidade. Coordena\u00e7\u00e3o: Eduardo Rocha, Lisandra Krebs e T\u00e1ssia Vasconcelos.\u00a0<\/span><\/p>\n<p><span style=\"font-size: 14pt;\"><strong><span style=\"font-family: helvetica, arial, sans-serif;\">Caminhografias pelas 100 imagens &#8211; Teoria e Hist\u00f3ria IV<\/span><\/strong><\/span><\/p>\n<p><span style=\"font-family: helvetica, arial, sans-serif;\">Os alunos da disciplina Teoria e Hist\u00f3ria IV \u2013 Arquitetura e Urbanismo do Movimento Moderno, do semestre 2022\/2 ir\u00e3o caminhografar um roteiro e (re)fotografar o patrim\u00f4nio moderno registrado no livro 100 imagens da arquitetura pelotense. Coordena\u00e7\u00e3o: Celma Paese.\u00a0<\/span><\/p>\n<p><span style=\"font-size: 14pt;\"><strong><span style=\"font-family: helvetica, arial, sans-serif;\">Cria\u00e7\u00e3o de imagens contempor\u00e2neas das obras do livro<\/span><\/strong><\/span><\/p>\n<p><span style=\"font-family: helvetica, arial, sans-serif;\">A a\u00e7\u00e3o, proposta pela Maquetaria Digital (CAU\/UCPel), prev\u00ea a produ\u00e7\u00e3o de imagens h\u00edbridas e contempor\u00e2neas. A inten\u00e7\u00e3o \u00e9 produzir um material atual e in\u00e9dito, explorando a interatividade atrav\u00e9s de t\u00e9cnicas como colagens e composi\u00e7\u00f5es panor\u00e2micas. Esperamos revelar nuances, rela\u00e7\u00f5es, rupturas e continuidades, atrav\u00e9s de m\u00faltiplos olhares e variadas t\u00e9cnicas de cria\u00e7\u00e3o imag\u00e9tica. Coordena\u00e7\u00e3o: Fernanda Tomiello, Daniele Luckow e Ricardo Brod.\u00a0<\/span><\/p>\n<p><span style=\"font-size: 14pt;\"><strong><span style=\"font-family: helvetica, arial, sans-serif;\">Faculdade de Medicina<\/span><\/strong><\/span><\/p>\n<p><span style=\"font-family: helvetica, arial, sans-serif;\">A disciplina Projeto de Arquitetura VI tem como objeto de estudo a edifica\u00e7\u00e3o da Faculdade de Medicina (antiga resid\u00eancia de Carlos Ritter e Instituto de Higiene Borges de Medeiros). A proposta de trabalho prop\u00f5e a identifica\u00e7\u00e3o e conhecimento do bem, diagn\u00f3stico do estado de conserva\u00e7\u00e3o da obra e proposta de interven\u00e7\u00e3o na preexist\u00eancia. Coordena\u00e7\u00e3o: Aline Montagna da Silveira, Adriane Borda Almeida da Silva e Mauren Aurich. Participa\u00e7\u00e3o: Cl\u00e1udia Andriele da Costa Freitas, Edemar Dias Xavier J\u00fanior e estudantes da turma de Projeto de Arquitetura VI, turma 2022\/2.<\/span><\/p>\n<p><span style=\"font-size: 14pt;\"><strong><span style=\"font-family: helvetica, arial, sans-serif;\">Arquitetura e Urbanismo Ecl\u00e9ticos e Pr\u00e9-Industriais<\/span><\/strong><\/span><\/p>\n<p><span style=\"font-family: helvetica, arial, sans-serif;\">A disciplina Teoria e Hist\u00f3ria III &#8211; Arquitetura e Urbanismo Ecl\u00e9ticos e Pr\u00e9-Industriais realiza tr\u00eas atividades que incorporam as edifica\u00e7\u00f5es publicadas no livro. A primeira atividade consiste no estudo de uma das obras selecionadas, que se encontram no recorte temporal da disciplina, que ser\u00e3o apresentadas em formato de banner para exposi\u00e7\u00e3o f\u00edsica e virtual. A segunda consiste na cria\u00e7\u00e3o de livros-objeto sobre as edifica\u00e7\u00f5es. E a terceira consiste na discuss\u00e3o sobre essas edifica\u00e7\u00f5es in loco, a partir da realiza\u00e7\u00e3o de tr\u00eas percursos na cidade de Pelotas: Percurso 1: S\u00edtio do Primeiro e Segundo Loteamento de Pelotas; Percurso 2: Esta\u00e7\u00e3o Ferrovi\u00e1ria, Pra\u00e7a Cipriano Barcellos e Pra\u00e7a Piratinino de Almeida; Percurso 3: Porto, Pra\u00e7a Domingos Rodrigues e rua Benjamin Constant.\u00a0\u00a0Coordena\u00e7\u00e3o: Aline Montagna da Silveira. Participa\u00e7\u00e3o: Franciele Fraga Pereira e estudantes da turma de Teoria e Hist\u00f3ria da Arquitetura III, turma 2022\/2.<\/span><\/p>\n<p><span style=\"font-size: 14pt;\"><strong><span style=\"font-family: helvetica, arial, sans-serif;\">An\u00e1lise do Crescimento Urbano<\/span><\/strong><\/span><\/p>\n<p><span style=\"font-family: helvetica, arial, sans-serif;\">An\u00e1lise do crescimento urbano no entorno das edifica\u00e7\u00f5es que constam no livro \u201c100 Imagens da Arquitetura Pelotense\u201d, observando a ocupa\u00e7\u00e3o dos vazios urbanos. Cada aluno ser\u00e1 respons\u00e1vel pelo desenho de duas imagens identificadas por um n\u00famero na tabela. Cada n\u00famero corresponde a duas imagens a\u00e9reas, sendo uma imagem do ano de 2002 e outra de 2023. Coordena\u00e7\u00e3o: Ana Paula Polidori Zechlinski. Participantes: estudante das turma de Teoria do Urbanismo I, turma 2023\/1.<\/span><\/p>\n","protected":false},"excerpt":{"rendered":"<p>Exposi\u00e7\u00e3o e Encontro Final do Projeto Encontro final reunindo todos os participantes do projeto com o autor Prof. Andrey Schlee. Coordena\u00e7\u00e3o: Eduardo Rocha, Fernanda Tomiello, Ricardo Brod e Daniele Luckow.\u00a0 Feira do Livro 2024 A\u00e7\u00f5es de Educa\u00e7\u00e3o Patrimonial, durante a Feira do Livro e Mesa Redonda no Museu do Doce\/UFPel. Coordena\u00e7\u00e3o: Fernanda Tomiello e Daniele [&hellip;]<\/p>\n","protected":false},"author":716,"featured_media":0,"parent":0,"menu_order":0,"comment_status":"closed","ping_status":"closed","template":"","meta":{"footnotes":""},"class_list":["post-32","page","type-page","status-publish","hentry","post"],"_links":{"self":[{"href":"https:\/\/wp.ufpel.edu.br\/100imagens\/wp-json\/wp\/v2\/pages\/32","targetHints":{"allow":["GET"]}}],"collection":[{"href":"https:\/\/wp.ufpel.edu.br\/100imagens\/wp-json\/wp\/v2\/pages"}],"about":[{"href":"https:\/\/wp.ufpel.edu.br\/100imagens\/wp-json\/wp\/v2\/types\/page"}],"author":[{"embeddable":true,"href":"https:\/\/wp.ufpel.edu.br\/100imagens\/wp-json\/wp\/v2\/users\/716"}],"replies":[{"embeddable":true,"href":"https:\/\/wp.ufpel.edu.br\/100imagens\/wp-json\/wp\/v2\/comments?post=32"}],"version-history":[{"count":41,"href":"https:\/\/wp.ufpel.edu.br\/100imagens\/wp-json\/wp\/v2\/pages\/32\/revisions"}],"predecessor-version":[{"id":971,"href":"https:\/\/wp.ufpel.edu.br\/100imagens\/wp-json\/wp\/v2\/pages\/32\/revisions\/971"}],"wp:attachment":[{"href":"https:\/\/wp.ufpel.edu.br\/100imagens\/wp-json\/wp\/v2\/media?parent=32"}],"curies":[{"name":"wp","href":"https:\/\/api.w.org\/{rel}","templated":true}]}}

ações

<p><span style="font-size: 14pt;"><strong><span style="font-family: helvetica, arial, sans-serif;">Exposição e Encontro Final do Projeto</span></strong></span></p>
<p><span style="font-family: helvetica, arial, sans-serif;">Encontro final reunindo todos os participantes do projeto com o autor Prof. Andrey Schlee. Coordenação: Eduardo Rocha, Fernanda Tomiello, Ricardo Brod e Daniele Luckow. </span></p>
<p><span style="font-size: 14pt;"><strong><span style="font-family: helvetica, arial, sans-serif;">Feira do Livro 2024</span></strong></span></p>
<p><span style="font-family: helvetica, arial, sans-serif;">Ações de Educação Patrimonial, durante a Feira do Livro e Mesa Redonda no Museu do Doce/UFPel. Coordenação: Fernanda Tomiello e Daniele Luckow. Participantes: escolas, diversos estudantes e comunidade em geral.</span></p>
<p><span style="font-size: 14pt;"><strong><span style="font-family: helvetica, arial, sans-serif;">Dia do Patrimônio 2023</span></strong></span></p>
<p><span style="font-family: helvetica, arial, sans-serif;">Exposições e atividades no Rex Hotel, Museu do Doce, Centro de Integração do Mercosul e outras edificações. Coordenação: Eduardo rocha, Fernanda Tomiello e Daniele Luckow. Participantes: diversos estudantes e comunidade em geral.</span></p>
<p><span style="font-size: 14pt;"><strong><span style="font-family: helvetica, arial, sans-serif;">Entrevistas com os autores e colaboradores</span></strong></span></p>
<p><span style="font-family: helvetica, arial, sans-serif;">A disciplina de Requisitos Curriculares de Extensão (RCE), da FAUrb/UFPel, realizou entrevistas gravadas em vídeo com autores e colaboradores da primeira edição do livro. Coordenação: Eduardo Rocha e Otávio Gigante. </span></p>
<p><span style="font-size: 14pt;"><strong><span style="font-family: helvetica, arial, sans-serif;">Roteiros das 100 imagens</span></strong></span></p>
<p><span style="font-family: helvetica, arial, sans-serif;">A disciplina de Requisitos Curriculares de Extensão (RCE), da FAUrb/UFPel, irá organizar e testar os roteiros para as ações do projeto. Coordenação: Eduardo Rocha. </span></p>
<p><span style="font-size: 14pt;"><strong><span style="font-family: helvetica, arial, sans-serif;">Caminhografias pelas 100 imagens &#8211; Teoria e História I+Projeto I</span></strong></span></p>
<p><span style="font-family: helvetica, arial, sans-serif;">Os alunos, da disciplina de Teoria e História I &#8211; arquitetura e urbanismo na contemporaneidade+Projeto de Arquitetura I, 2022/2, em grupos irão experimentar os roteiros propostos, caminhando, mapeando e  (re)fotografando as 100 imagens da arquitetura pelotense e a cidade. Coordenação: Eduardo Rocha, Lisandra Krebs e Tássia Vasconcelos. </span></p>
<p><span style="font-size: 14pt;"><strong><span style="font-family: helvetica, arial, sans-serif;">Caminhografias pelas 100 imagens &#8211; Teoria e História IV</span></strong></span></p>
<p><span style="font-family: helvetica, arial, sans-serif;">Os alunos da disciplina Teoria e História IV – Arquitetura e Urbanismo do Movimento Moderno, do semestre 2022/2 irão caminhografar um roteiro e (re)fotografar o patrimônio moderno registrado no livro 100 imagens da arquitetura pelotense. Coordenação: Celma Paese. </span></p>
<p><span style="font-size: 14pt;"><strong><span style="font-family: helvetica, arial, sans-serif;">Criação de imagens contemporâneas das obras do livro</span></strong></span></p>
<p><span style="font-family: helvetica, arial, sans-serif;">A ação, proposta pela Maquetaria Digital (CAU/UCPel), prevê a produção de imagens híbridas e contemporâneas. A intenção é produzir um material atual e inédito, explorando a interatividade através de técnicas como colagens e composições panorâmicas. Esperamos revelar nuances, relações, rupturas e continuidades, através de múltiplos olhares e variadas técnicas de criação imagética. Coordenação: Fernanda Tomiello, Daniele Luckow e Ricardo Brod. </span></p>
<p><span style="font-size: 14pt;"><strong><span style="font-family: helvetica, arial, sans-serif;">Faculdade de Medicina</span></strong></span></p>
<p><span style="font-family: helvetica, arial, sans-serif;">A disciplina Projeto de Arquitetura VI tem como objeto de estudo a edificação da Faculdade de Medicina (antiga residência de Carlos Ritter e Instituto de Higiene Borges de Medeiros). A proposta de trabalho propõe a identificação e conhecimento do bem, diagnóstico do estado de conservação da obra e proposta de intervenção na preexistência. Coordenação: Aline Montagna da Silveira, Adriane Borda Almeida da Silva e Mauren Aurich. Participação: Cláudia Andriele da Costa Freitas, Edemar Dias Xavier Júnior e estudantes da turma de Projeto de Arquitetura VI, turma 2022/2.</span></p>
<p><span style="font-size: 14pt;"><strong><span style="font-family: helvetica, arial, sans-serif;">Arquitetura e Urbanismo Ecléticos e Pré-Industriais</span></strong></span></p>
<p><span style="font-family: helvetica, arial, sans-serif;">A disciplina Teoria e História III &#8211; Arquitetura e Urbanismo Ecléticos e Pré-Industriais realiza três atividades que incorporam as edificações publicadas no livro. A primeira atividade consiste no estudo de uma das obras selecionadas, que se encontram no recorte temporal da disciplina, que serão apresentadas em formato de banner para exposição física e virtual. A segunda consiste na criação de livros-objeto sobre as edificações. E a terceira consiste na discussão sobre essas edificações in loco, a partir da realização de três percursos na cidade de Pelotas: Percurso 1: Sítio do Primeiro e Segundo Loteamento de Pelotas; Percurso 2: Estação Ferroviária, Praça Cipriano Barcellos e Praça Piratinino de Almeida; Percurso 3: Porto, Praça Domingos Rodrigues e rua Benjamin Constant.  Coordenação: Aline Montagna da Silveira. Participação: Franciele Fraga Pereira e estudantes da turma de Teoria e História da Arquitetura III, turma 2022/2.</span></p>
<p><span style="font-size: 14pt;"><strong><span style="font-family: helvetica, arial, sans-serif;">Análise do Crescimento Urbano</span></strong></span></p>
<p><span style="font-family: helvetica, arial, sans-serif;">Análise do crescimento urbano no entorno das edificações que constam no livro “100 Imagens da Arquitetura Pelotense”, observando a ocupação dos vazios urbanos. Cada aluno será responsável pelo desenho de duas imagens identificadas por um número na tabela. Cada número corresponde a duas imagens aéreas, sendo uma imagem do ano de 2002 e outra de 2023. Coordenação: Ana Paula Polidori Zechlinski. Participantes: estudante das turma de Teoria do Urbanismo I, turma 2023/1.</span></p>

<p>Exposição e Encontro Final do Projeto Encontro final reunindo todos os participantes do projeto com o autor Prof. Andrey Schlee. Coordenação: Eduardo Rocha, Fernanda Tomiello, Ricardo Brod e Daniele Luckow.  Feira do Livro 2024 Ações de Educação Patrimonial, durante a Feira do Livro e Mesa Redonda no Museu do Doce/UFPel. Coordenação: Fernanda Tomiello e Daniele [&hellip;]</p>
