{"id":1065,"date":"2024-12-18T08:59:58","date_gmt":"2024-12-18T11:59:58","guid":{"rendered":"https:\/\/wp.ufpel.edu.br\/100imagens\/?page_id=1065"},"modified":"2024-12-18T13:00:01","modified_gmt":"2024-12-18T16:00:01","slug":"entrevistas","status":"publish","type":"page","link":"https:\/\/wp.ufpel.edu.br\/100imagens\/entrevistas\/","title":{"rendered":"entrevistas"},"content":{"rendered":"<p style=\"text-align: justify;\">Durante o projeto foram realizadas entrevistas com colaborarores da \u00e9poca da primeira edi\u00e7\u00e3o do livro. A ideia \u00e9 a de editar um document\u00e1rio sobre essa hist\u00f3ria dos 25 anos depois das 100 imagens da arquitetura pelotense&#8221;.<\/p>\n<p><span style=\"font-family: georgia, palatino, serif;\">Coordena\u00e7\u00e3o: Ot\u00e1vio Gingante. Bolsista de Extens\u00e3o UFPel: Suen Pedroso Leitzke.<\/span><\/p>\n<p><span style=\"font-family: helvetica, arial, sans-serif; background-color: #ffffff; font-size: 14pt;\"><b>Ana L\u00facia Oliveira (hist\u00f3ria do livro)<\/b><\/span><\/p>\n<p style=\"padding-left: 40px; text-align: justify;\"><span style=\"font-family: helvetica, arial, sans-serif; font-size: 10pt;\">Edi\u00e7\u00e3o: Ot\u00e1vio Gigante, Eduardo Silva, Suen Leitzke. [2,24s].<\/span><\/p>\n<div style=\"width: 300px;\" class=\"wp-video\"><video class=\"wp-video-shortcode\" id=\"video-1065-1\" width=\"300\" height=\"300\" preload=\"metadata\" controls=\"controls\"><source type=\"video\/mp4\" src=\"https:\/\/wp.ufpel.edu.br\/100imagens\/files\/2024\/12\/ana-o.mp4?_=1\" \/><a href=\"https:\/\/wp.ufpel.edu.br\/100imagens\/files\/2024\/12\/ana-o.mp4\">https:\/\/wp.ufpel.edu.br\/100imagens\/files\/2024\/12\/ana-o.mp4<\/a><\/video><\/div>\n<p>&nbsp;<\/p>\n<p><span style=\"font-family: helvetica, arial, sans-serif; background-color: #ffffff; font-size: 14pt;\"><b>Nirce Saffer Medvedovski (o estado atual das obras)<\/b><\/span><\/p>\n<p style=\"padding-left: 40px; text-align: justify;\"><span style=\"font-family: helvetica, arial, sans-serif; font-size: 10pt;\">Edi\u00e7\u00e3o: Ot\u00e1vio Gigante, Eduardo Silva, Suen Leitzke. [3,0s].<\/span><\/p>\n<div style=\"width: 300px;\" class=\"wp-video\"><video class=\"wp-video-shortcode\" id=\"video-1065-2\" width=\"300\" height=\"300\" preload=\"metadata\" controls=\"controls\"><source type=\"video\/mp4\" src=\"https:\/\/wp.ufpel.edu.br\/100imagens\/files\/2024\/12\/ana-o-1.mp4?_=2\" \/><a href=\"https:\/\/wp.ufpel.edu.br\/100imagens\/files\/2024\/12\/ana-o-1.mp4\">https:\/\/wp.ufpel.edu.br\/100imagens\/files\/2024\/12\/ana-o-1.mp4<\/a><\/video><\/div>\n<p>&nbsp;<\/p>\n<p><span style=\"font-family: helvetica, arial, sans-serif; background-color: #ffffff; font-size: 14pt;\"><b>Ligia Maria Avila Chiarelli (contribui\u00e7\u00e3o do livro)<\/b><\/span><\/p>\n<p style=\"padding-left: 40px; text-align: justify;\"><span style=\"font-family: helvetica, arial, sans-serif; font-size: 10pt;\">Edi\u00e7\u00e3o: Ot\u00e1vio Gigante, Eduardo Silva, Suen Leitzke. [2,33s].<\/span><\/p>\n<div style=\"width: 300px;\" class=\"wp-video\"><video class=\"wp-video-shortcode\" id=\"video-1065-3\" width=\"300\" height=\"300\" preload=\"metadata\" controls=\"controls\"><source type=\"video\/mp4\" src=\"https:\/\/wp.ufpel.edu.br\/100imagens\/files\/2024\/12\/biloca.mp4?_=3\" \/><a href=\"https:\/\/wp.ufpel.edu.br\/100imagens\/files\/2024\/12\/biloca.mp4\">https:\/\/wp.ufpel.edu.br\/100imagens\/files\/2024\/12\/biloca.mp4<\/a><\/video><\/div>\n<p>&nbsp;<\/p>\n<p><span style=\"font-family: helvetica, arial, sans-serif; background-color: #ffffff; font-size: 14pt;\"><b>Mateus Coswig (legado do livro)<\/b><\/span><\/p>\n<p style=\"padding-left: 40px; text-align: justify;\"><span style=\"font-family: helvetica, arial, sans-serif; font-size: 10pt;\">Edi\u00e7\u00e3o: Ot\u00e1vio Gigante, Eduardo Silva, Suen Leitzke. [4,11s].<\/span><\/p>\n<div style=\"width: 300px;\" class=\"wp-video\"><video class=\"wp-video-shortcode\" id=\"video-1065-4\" width=\"300\" height=\"300\" preload=\"metadata\" controls=\"controls\"><source type=\"video\/mp4\" src=\"https:\/\/wp.ufpel.edu.br\/100imagens\/files\/2024\/12\/mateus.mp4?_=4\" \/><a href=\"https:\/\/wp.ufpel.edu.br\/100imagens\/files\/2024\/12\/mateus.mp4\">https:\/\/wp.ufpel.edu.br\/100imagens\/files\/2024\/12\/mateus.mp4<\/a><\/video><\/div>\n<p>&nbsp;<\/p>\n","protected":false},"excerpt":{"rendered":"<p>Durante o projeto foram realizadas entrevistas com colaborarores da \u00e9poca da primeira edi\u00e7\u00e3o do livro. A ideia \u00e9 a de editar um document\u00e1rio sobre essa hist\u00f3ria dos 25 anos depois das 100 imagens da arquitetura pelotense&#8221;. Coordena\u00e7\u00e3o: Ot\u00e1vio Gingante. Bolsista de Extens\u00e3o UFPel: Suen Pedroso Leitzke. Ana L\u00facia Oliveira (hist\u00f3ria do livro) Edi\u00e7\u00e3o: Ot\u00e1vio Gigante, [&hellip;]<\/p>\n","protected":false},"author":716,"featured_media":0,"parent":0,"menu_order":0,"comment_status":"closed","ping_status":"closed","template":"","meta":{"footnotes":""},"class_list":["post-1065","page","type-page","status-publish","hentry","post"],"_links":{"self":[{"href":"https:\/\/wp.ufpel.edu.br\/100imagens\/wp-json\/wp\/v2\/pages\/1065","targetHints":{"allow":["GET"]}}],"collection":[{"href":"https:\/\/wp.ufpel.edu.br\/100imagens\/wp-json\/wp\/v2\/pages"}],"about":[{"href":"https:\/\/wp.ufpel.edu.br\/100imagens\/wp-json\/wp\/v2\/types\/page"}],"author":[{"embeddable":true,"href":"https:\/\/wp.ufpel.edu.br\/100imagens\/wp-json\/wp\/v2\/users\/716"}],"replies":[{"embeddable":true,"href":"https:\/\/wp.ufpel.edu.br\/100imagens\/wp-json\/wp\/v2\/comments?post=1065"}],"version-history":[{"count":28,"href":"https:\/\/wp.ufpel.edu.br\/100imagens\/wp-json\/wp\/v2\/pages\/1065\/revisions"}],"predecessor-version":[{"id":1099,"href":"https:\/\/wp.ufpel.edu.br\/100imagens\/wp-json\/wp\/v2\/pages\/1065\/revisions\/1099"}],"wp:attachment":[{"href":"https:\/\/wp.ufpel.edu.br\/100imagens\/wp-json\/wp\/v2\/media?parent=1065"}],"curies":[{"name":"wp","href":"https:\/\/api.w.org\/{rel}","templated":true}]}}